CRAN Package Check Results for Package metabolomicsR

Last updated on 2022-09-28 00:52:46 CEST.

Flavor Version Tinstall Tcheck Ttotal Status Flags
r-devel-linux-x86_64-debian-clang 1.0.0 10.63 104.55 115.18 NOTE
r-devel-linux-x86_64-debian-gcc 1.0.0 5.46 75.28 80.74 NOTE
r-devel-linux-x86_64-fedora-clang 1.0.0 157.34 NOTE
r-devel-linux-x86_64-fedora-gcc 1.0.0 147.32 NOTE
r-devel-windows-x86_64 1.0.0 76.00 134.00 210.00 NOTE
r-patched-linux-x86_64 1.0.0 10.06 93.64 103.70 NOTE
r-release-linux-x86_64 1.0.0 8.18 95.81 103.99 NOTE
r-release-macos-arm64 1.0.0 41.00 NOTE
r-release-macos-x86_64 1.0.0 61.00 NOTE
r-release-windows-x86_64 1.0.0 122.00 136.00 258.00 NOTE
r-oldrel-macos-arm64 1.0.0 41.00 NOTE
r-oldrel-macos-x86_64 1.0.0 56.00 NOTE
r-oldrel-windows-ix86+x86_64 1.0.0 25.00 123.00 148.00 NOTE

Check Details

Version: 1.0.0
Check: package dependencies
Result: NOTE
    Package suggested but not available for checking: 'genuMet'
Flavors: r-devel-linux-x86_64-debian-clang, r-devel-linux-x86_64-debian-gcc, r-devel-linux-x86_64-fedora-clang, r-devel-linux-x86_64-fedora-gcc, r-devel-windows-x86_64, r-patched-linux-x86_64, r-release-linux-x86_64, r-release-macos-arm64, r-release-macos-x86_64, r-release-windows-x86_64, r-oldrel-macos-arm64, r-oldrel-macos-x86_64, r-oldrel-windows-ix86+x86_64