CRAN Package Check Results for Package metafolio

Last updated on 2024-06-25 00:58:07 CEST.

Flavor Version Tinstall Tcheck Ttotal Status Flags
r-devel-linux-x86_64-debian-clang 0.1.2 38.93 59.03 97.96 OK
r-devel-linux-x86_64-debian-gcc 0.1.2 26.14 43.32 69.46 OK
r-devel-linux-x86_64-fedora-clang 0.1.2 133.44 OK
r-devel-linux-x86_64-fedora-gcc 0.1.2 142.88 OK
r-devel-windows-x86_64 0.1.2 32.00 93.00 125.00 OK
r-patched-linux-x86_64 0.1.2 35.40 56.74 92.14 OK
r-release-linux-x86_64 0.1.2 34.02 56.52 90.54 OK
r-release-macos-arm64 0.1.2 39.00 OK
r-release-macos-x86_64 0.1.2 55.00 WARN
r-release-windows-x86_64 0.1.2 33.00 93.00 126.00 OK
r-oldrel-macos-arm64 0.1.2 57.00 OK
r-oldrel-macos-x86_64 0.1.2 125.00 OK
r-oldrel-windows-x86_64 0.1.2 41.00 105.00 146.00 OK

Check Details

Version: 0.1.2
Check: re-building of vignette outputs
Result: WARN Error(s) in re-building vignettes: ... --- re-building ‘metafolio.Rnw’ using knitr Error: processing vignette 'metafolio.Rnw' failed with diagnostics: Running 'texi2dvi' on 'metafolio.tex' failed. LaTeX errors: ! Undefined control sequence. l.140 \hlkwd{library}\hldef {(metafolio)} ? ! Emergency stop. ! Emergency stop. l.140 End of file on the terminal! ! ==> Fatal error occurred, no output PDF file produced! --- failed re-building ‘metafolio.Rnw’ SUMMARY: processing the following file failed: ‘metafolio.Rnw’ Error: Vignette re-building failed. Execution halted Flavor: r-release-macos-x86_64