Last updated on 2024-03-28 23:55:12 CET.
Flavor | Version | Tinstall | Tcheck | Ttotal | Status | Flags |
---|---|---|---|---|---|---|
r-devel-linux-x86_64-debian-clang | 0.1.4 | 12.35 | 154.28 | 166.63 | OK | |
r-devel-linux-x86_64-debian-gcc | 0.1.4 | 10.64 | 115.28 | 125.92 | OK | |
r-devel-linux-x86_64-fedora-clang | 0.1.4 | 212.00 | OK | |||
r-devel-linux-x86_64-fedora-gcc | 0.1.4 | 221.69 | OK | |||
r-devel-windows-x86_64 | 0.1.4 | 12.00 | 117.00 | 129.00 | ERROR | |
r-patched-linux-x86_64 | 0.1.4 | 15.41 | 139.15 | 154.56 | OK | |
r-release-linux-x86_64 | 0.1.4 | 12.03 | 148.96 | 160.99 | OK | |
r-release-macos-arm64 | 0.1.4 | 73.00 | OK | |||
r-release-macos-x86_64 | 0.1.4 | 137.00 | OK | |||
r-release-windows-x86_64 | 0.1.4 | 15.00 | 161.00 | 176.00 | OK | |
r-oldrel-macos-arm64 | 0.1.4 | 74.00 | OK | |||
r-oldrel-windows-x86_64 | 0.1.4 | 16.00 | 166.00 | 182.00 | OK |
Version: 0.1.4
Check: tests
Result: ERROR
Running 'testthat.R' [20s]
Running the tests in 'tests/testthat.R' failed.
Complete output:
> rm(list=ls())
> library(testthat)
> library(caret)
Loading required package: ggplot2
Loading required package: lattice
> library(metaforest)
Loading required package: metafor
Loading required package: Matrix
Loading required package: metadat
Loading required package: numDeriv
Loading the 'metafor' package (version 4.4-0). For an
introduction to the package please type: help(metafor)
Loading required package: ranger
Loading required package: data.table
> test_check("metaforest")
Flavor: r-devel-windows-x86_64