Last updated on 2023-05-28 22:00:15 CEST.
Flavor | Version | Tinstall | Tcheck | Ttotal | Status | Flags |
---|---|---|---|---|---|---|
r-devel-linux-x86_64-debian-clang | 0.8.3 | 12.01 | 107.80 | 119.81 | NOTE | |
r-devel-linux-x86_64-debian-gcc | 0.8.3 | 7.59 | 80.18 | 87.77 | NOTE | |
r-devel-linux-x86_64-fedora-clang | 0.8.3 | 143.03 | NOTE | |||
r-devel-linux-x86_64-fedora-gcc | 0.8.3 | 135.03 | NOTE | |||
r-devel-windows-x86_64 | 0.8.3 | 11.00 | 103.00 | 114.00 | NOTE | |
r-patched-linux-x86_64 | 0.8.3 | 10.24 | 100.94 | 111.18 | NOTE | |
r-release-linux-x86_64 | 0.8.3 | 7.53 | 102.47 | 110.00 | NOTE | |
r-release-macos-arm64 | 0.8.3 | 41.00 | NOTE | |||
r-release-macos-x86_64 | 0.8.3 | 67.00 | NOTE | |||
r-release-windows-x86_64 | 0.8.3 | 13.00 | 125.00 | 138.00 | NOTE | |
r-oldrel-macos-arm64 | 0.8.3 | 39.00 | NOTE | |||
r-oldrel-macos-x86_64 | 0.8.3 | 68.00 | NOTE | |||
r-oldrel-windows-x86_64 | 0.8.3 | 13.00 | 114.00 | 127.00 | NOTE |
Version: 0.8.3
Check: LazyData
Result: NOTE
'LazyData' is specified without a 'data' directory
Flavors: r-devel-linux-x86_64-debian-clang, r-devel-linux-x86_64-debian-gcc, r-devel-linux-x86_64-fedora-clang, r-devel-linux-x86_64-fedora-gcc, r-devel-windows-x86_64, r-patched-linux-x86_64, r-release-linux-x86_64, r-release-macos-arm64, r-release-macos-x86_64, r-release-windows-x86_64, r-oldrel-macos-arm64, r-oldrel-macos-x86_64, r-oldrel-windows-x86_64