CRAN Package Check Results for Package metaplot

Last updated on 2021-10-25 04:54:15 CEST.

Flavor Version Tinstall Tcheck Ttotal Status Flags
r-devel-linux-x86_64-debian-clang 0.8.3 9.84 95.67 105.51 NOTE
r-devel-linux-x86_64-debian-gcc 0.8.3 7.38 70.16 77.54 NOTE
r-devel-linux-x86_64-fedora-clang 0.8.3 131.37 NOTE
r-devel-linux-x86_64-fedora-gcc 0.8.3 117.23 NOTE
r-devel-windows-x86_64 0.8.3 18.00 119.00 137.00 NOTE
r-devel-windows-x86_64-gcc10-UCRT 0.8.3 NOTE
r-patched-linux-x86_64 0.8.3 12.11 89.13 101.24 NOTE
r-patched-solaris-x86 0.8.3 159.50 NOTE
r-release-linux-x86_64 0.8.3 8.27 89.25 97.52 NOTE
r-release-macos-arm64 0.8.3 NOTE
r-release-macos-x86_64 0.8.3 NOTE
r-release-windows-ix86+x86_64 0.8.3 14.00 119.00 133.00 NOTE
r-oldrel-macos-x86_64 0.8.3 OK
r-oldrel-windows-ix86+x86_64 0.8.3 20.00 119.00 139.00 OK

Check Details

Version: 0.8.3
Check: LazyData
Result: NOTE
     'LazyData' is specified without a 'data' directory
Flavors: r-devel-linux-x86_64-debian-clang, r-devel-linux-x86_64-debian-gcc, r-devel-linux-x86_64-fedora-clang, r-devel-linux-x86_64-fedora-gcc, r-devel-windows-x86_64, r-devel-windows-x86_64-gcc10-UCRT, r-patched-linux-x86_64, r-patched-solaris-x86, r-release-linux-x86_64, r-release-macos-arm64, r-release-macos-x86_64, r-release-windows-ix86+x86_64