CRAN Package Check Results for Package metapower

Last updated on 2021-10-23 00:49:00 CEST.

Flavor Version Tinstall Tcheck Ttotal Status Flags
r-devel-linux-x86_64-debian-clang 0.2.2 6.68 72.69 79.37 NOTE
r-devel-linux-x86_64-debian-gcc 0.2.2 5.60 54.19 59.79 NOTE
r-devel-linux-x86_64-fedora-clang 0.2.2 102.83 NOTE
r-devel-linux-x86_64-fedora-gcc 0.2.2 90.79 NOTE
r-devel-windows-x86_64 0.2.2 11.00 93.00 104.00 NOTE
r-devel-windows-x86_64-gcc10-UCRT 0.2.2 NOTE
r-patched-linux-x86_64 0.2.2 6.86 67.58 74.44 NOTE
r-patched-solaris-x86 0.2.2 106.40 NOTE
r-release-linux-x86_64 0.2.2 5.76 67.04 72.80 NOTE
r-release-macos-arm64 0.2.2 NOTE
r-release-macos-x86_64 0.2.2 NOTE
r-release-windows-ix86+x86_64 0.2.2 11.00 93.00 104.00 NOTE
r-oldrel-macos-x86_64 0.2.2 OK
r-oldrel-windows-ix86+x86_64 0.2.2 16.00 94.00 110.00 OK

Check Details

Version: 0.2.2
Check: LazyData
Result: NOTE
     'LazyData' is specified without a 'data' directory
Flavors: r-devel-linux-x86_64-debian-clang, r-devel-linux-x86_64-debian-gcc, r-devel-linux-x86_64-fedora-clang, r-devel-linux-x86_64-fedora-gcc, r-devel-windows-x86_64, r-devel-windows-x86_64-gcc10-UCRT, r-patched-linux-x86_64, r-patched-solaris-x86, r-release-linux-x86_64, r-release-macos-arm64, r-release-macos-x86_64, r-release-windows-ix86+x86_64