CRAN Package Check Results for Package mets

Last updated on 2021-06-20 12:50:15 CEST.

Flavor Version Tinstall Tcheck Ttotal Status Flags
r-devel-linux-x86_64-debian-clang 1.2.8.1 360.28 423.42 783.70 OK
r-devel-linux-x86_64-debian-gcc 1.2.8.1 253.41 308.33 561.74 OK
r-devel-linux-x86_64-fedora-clang 1.2.8.1 1021.86 NOTE
r-devel-linux-x86_64-fedora-gcc 1.2.8.1 963.94 OK
r-devel-windows-x86_64 1.2.8.1 415.00 565.00 980.00 NOTE
r-devel-windows-x86_64-gcc10-UCRT 1.2.8.1 OK
r-patched-linux-x86_64 1.2.8.1 307.24 398.91 706.15 OK
r-patched-solaris-x86 1.2.8.1 1040.00 NOTE
r-release-linux-x86_64 1.2.8.1 293.53 401.63 695.16 OK
r-release-macos-arm64 1.2.8.1 NOTE
r-release-macos-x86_64 1.2.8.1 NOTE
r-release-windows-ix86+x86_64 1.2.8.1 798.00 637.00 1435.00 NOTE
r-oldrel-macos-x86_64 1.2.8.1 NOTE
r-oldrel-windows-ix86+x86_64 1.2.8.1 564.00 653.00 1217.00 NOTE

Check Details

Version: 1.2.8.1
Check: installed package size
Result: NOTE
     installed size is 28.4Mb
     sub-directories of 1Mb or more:
     R 1.3Mb
     doc 5.4Mb
     libs 20.1Mb
Flavors: r-devel-linux-x86_64-fedora-clang, r-devel-windows-x86_64, r-patched-solaris-x86, r-release-macos-arm64, r-release-macos-x86_64, r-release-windows-ix86+x86_64, r-oldrel-macos-x86_64, r-oldrel-windows-ix86+x86_64