CRAN Package Check Results for Package mgc

Last updated on 2024-04-16 01:02:07 CEST.

Flavor Version Tinstall Tcheck Ttotal Status Flags
r-devel-linux-x86_64-debian-clang 2.0.2 34.93 533.56 568.49 NOTE
r-devel-linux-x86_64-debian-gcc 2.0.2 24.99 369.46 394.45 NOTE
r-devel-linux-x86_64-fedora-clang 2.0.2 677.94 NOTE
r-devel-linux-x86_64-fedora-gcc 2.0.2 663.92 NOTE
r-prerel-macos-arm64 2.0.2 144.00 NOTE
r-prerel-windows-x86_64 2.0.2 28.00 347.00 375.00 NOTE
r-patched-linux-x86_64 2.0.2 27.86 503.43 531.29 NOTE
r-release-linux-x86_64 2.0.2 34.39 496.26 530.65 NOTE
r-release-macos-arm64 2.0.2 176.00 NOTE
r-release-macos-x86_64 2.0.2 291.00 NOTE
r-release-windows-x86_64 2.0.2 38.00 426.00 464.00 NOTE
r-oldrel-macos-arm64 2.0.2 118.00 NOTE
r-oldrel-windows-x86_64 2.0.2 38.00 387.00 425.00 NOTE

Check Details

Version: 2.0.2
Check: LazyData
Result: NOTE 'LazyData' is specified without a 'data' directory Flavors: r-devel-linux-x86_64-debian-clang, r-devel-linux-x86_64-debian-gcc, r-devel-linux-x86_64-fedora-clang, r-devel-linux-x86_64-fedora-gcc, r-prerel-macos-arm64, r-prerel-windows-x86_64, r-patched-linux-x86_64, r-release-linux-x86_64, r-release-macos-arm64, r-release-macos-x86_64, r-release-windows-x86_64, r-oldrel-macos-arm64, r-oldrel-windows-x86_64

Version: 2.0.2
Check: dependencies in R code
Result: NOTE Namespaces in Imports field not imported from: ‘boot’ ‘energy’ All declared Imports should be used. Flavors: r-devel-linux-x86_64-fedora-clang, r-devel-linux-x86_64-fedora-gcc, r-oldrel-macos-arm64