Last updated on 2024-03-28 23:55:12 CET.
Flavor | Version | Tinstall | Tcheck | Ttotal | Status | Flags |
---|---|---|---|---|---|---|
r-devel-linux-x86_64-debian-clang | 0.4.4 | 19.52 | 172.30 | 191.82 | OK | |
r-devel-linux-x86_64-debian-gcc | 0.4.4 | 13.68 | 129.46 | 143.14 | OK | |
r-devel-linux-x86_64-fedora-clang | 0.4.4 | 253.43 | NOTE | |||
r-devel-linux-x86_64-fedora-gcc | 0.4.4 | 256.16 | NOTE | |||
r-devel-windows-x86_64 | 0.4.4 | 15.00 | 155.00 | 170.00 | OK | |
r-patched-linux-x86_64 | 0.4.4 | 15.90 | 167.07 | 182.97 | OK | |
r-release-linux-x86_64 | 0.4.4 | 11.62 | 167.60 | 179.22 | OK | |
r-release-macos-arm64 | 0.4.4 | 80.00 | OK | |||
r-release-macos-x86_64 | 0.4.4 | 122.00 | OK | |||
r-release-windows-x86_64 | 0.4.4 | 21.00 | 254.00 | 275.00 | OK | |
r-oldrel-macos-arm64 | 0.4.4 | 74.00 | OK | |||
r-oldrel-windows-x86_64 | 0.4.4 | 21.00 | 195.00 | 216.00 | OK |
Version: 0.4.4
Check: for detritus in the temp directory
Result: NOTE
Found the following files/directories:
‘par-7269706c6579’
Flavors: r-devel-linux-x86_64-fedora-clang, r-devel-linux-x86_64-fedora-gcc