Last updated on 2024-03-28 23:55:12 CET.
Flavor | Version | Tinstall | Tcheck | Ttotal | Status | Flags |
---|---|---|---|---|---|---|
r-devel-linux-x86_64-debian-clang | 0.8.2 | 125.41 | 88.54 | 213.95 | NOTE | |
r-devel-linux-x86_64-debian-gcc | 0.8.2 | 94.19 | 64.12 | 158.31 | NOTE | |
r-devel-linux-x86_64-fedora-clang | 0.8.2 | 296.80 | NOTE | |||
r-devel-linux-x86_64-fedora-gcc | 0.8.2 | 311.37 | NOTE | |||
r-devel-windows-x86_64 | 0.8.2 | 94.00 | 106.00 | 200.00 | NOTE | |
r-patched-linux-x86_64 | 0.8.2 | 123.61 | 85.51 | 209.12 | NOTE | |
r-release-linux-x86_64 | 0.8.2 | 118.21 | 81.58 | 199.79 | NOTE | |
r-release-macos-arm64 | 0.8.2 | 73.00 | NOTE | |||
r-release-macos-x86_64 | 0.8.2 | 135.00 | NOTE | |||
r-release-windows-x86_64 | 0.8.2 | 115.00 | 124.00 | 239.00 | NOTE | |
r-oldrel-macos-arm64 | 0.8.2 | 78.00 | NOTE | |||
r-oldrel-windows-x86_64 | 0.8.2 | 112.00 | 123.00 | 235.00 | OK |
Version: 0.8.2
Check: C++ specification
Result: NOTE
Specified C++11: please drop specification unless essential
Flavors: r-devel-linux-x86_64-debian-clang, r-devel-linux-x86_64-debian-gcc, r-devel-linux-x86_64-fedora-clang, r-devel-linux-x86_64-fedora-gcc, r-devel-windows-x86_64, r-patched-linux-x86_64, r-release-linux-x86_64, r-release-macos-arm64, r-release-macos-x86_64, r-release-windows-x86_64
Version: 0.8.2
Check: Rd files
Result: NOTE
checkRd: (-1) VIF.Rd:47: Lost braces; missing escapes or markup?
47 | vif_corrected = vif_basic^{(1/(2*df))}
| ^
Flavors: r-devel-linux-x86_64-debian-clang, r-devel-linux-x86_64-debian-gcc, r-devel-linux-x86_64-fedora-clang, r-devel-linux-x86_64-fedora-gcc, r-devel-windows-x86_64, r-patched-linux-x86_64
Version: 0.8.2
Check: installed package size
Result: NOTE
installed size is 9.8Mb
sub-directories of 1Mb or more:
libs 8.6Mb
Flavors: r-release-macos-arm64, r-release-macos-x86_64, r-oldrel-macos-arm64