CRAN Package Check Results for Package miceFast

Last updated on 2021-10-25 12:59:32 CEST.

Flavor Version Tinstall Tcheck Ttotal Status Flags
r-devel-linux-x86_64-debian-clang 0.7.1 107.32 102.42 209.74 OK
r-devel-linux-x86_64-debian-gcc 0.7.1 88.94 75.05 163.99 OK
r-devel-linux-x86_64-fedora-clang 0.7.1 316.91 NOTE
r-devel-linux-x86_64-fedora-gcc 0.7.1 282.15 OK
r-devel-windows-x86_64 0.7.1 146.00 149.00 295.00 OK
r-devel-windows-x86_64-gcc10-UCRT 0.7.1 OK
r-patched-linux-x86_64 0.7.1 113.09 92.60 205.69 OK
r-patched-solaris-x86 0.7.1 284.70 OK
r-release-linux-x86_64 0.7.1 101.06 92.43 193.49 OK
r-release-macos-arm64 0.7.1 NOTE
r-release-macos-x86_64 0.7.1 NOTE
r-release-windows-ix86+x86_64 0.7.1 214.00 204.00 418.00 OK
r-oldrel-macos-x86_64 0.7.1 NOTE
r-oldrel-windows-ix86+x86_64 0.7.1 284.00 195.00 479.00 OK

Check Details

Version: 0.7.1
Check: installed package size
Result: NOTE
     installed size is 9.1Mb
     sub-directories of 1Mb or more:
     doc 1.1Mb
     libs 7.7Mb
Flavors: r-devel-linux-x86_64-fedora-clang, r-release-macos-arm64, r-release-macos-x86_64, r-oldrel-macos-x86_64