CRAN Package Check Results for Package miceadds

Last updated on 2021-06-20 12:50:15 CEST.

Flavor Version Tinstall Tcheck Ttotal Status Flags
r-devel-linux-x86_64-debian-clang 3.11-6 160.93 141.42 302.35 OK
r-devel-linux-x86_64-debian-gcc 3.11-6 103.88 103.34 207.22 OK
r-devel-linux-x86_64-fedora-clang 3.11-6 403.83 NOTE
r-devel-linux-x86_64-fedora-gcc 3.11-6 363.98 OK
r-devel-windows-x86_64 3.11-6 196.00 176.00 372.00 OK
r-devel-windows-x86_64-gcc10-UCRT 3.11-6 ERROR
r-patched-linux-x86_64 3.11-6 127.19 135.64 262.83 OK
r-patched-solaris-x86 3.11-6 342.10 OK
r-release-linux-x86_64 3.11-6 126.03 133.50 259.53 OK
r-release-macos-arm64 3.11-6 NOTE
r-release-macos-x86_64 3.11-6 NOTE
r-release-windows-ix86+x86_64 3.11-6 349.00 221.00 570.00 OK
r-oldrel-macos-x86_64 3.11-6 NOTE
r-oldrel-windows-ix86+x86_64 3.11-6 271.00 224.00 495.00 OK

Check Details

Version: 3.11-6
Check: installed package size
Result: NOTE
     installed size is 7.1Mb
     sub-directories of 1Mb or more:
     libs 5.5Mb
Flavors: r-devel-linux-x86_64-fedora-clang, r-release-macos-arm64, r-release-macos-x86_64, r-oldrel-macos-x86_64

Version: 3.11-6
Check: package dependencies
Result: NOTE
    Package suggested but not available for checking: 'car'
Flavor: r-devel-windows-x86_64-gcc10-UCRT

Version: 3.11-6
Check: Rd cross-references
Result: NOTE
    Package unavailable to check Rd xrefs: 'car'
Flavor: r-devel-windows-x86_64-gcc10-UCRT

Version: 3.11-6
Check: examples
Result: ERROR
    Running examples in 'miceadds-Ex.R' failed
    The error most likely occurred in:
    
    > ### Name: mi.anova
    > ### Title: Analysis of Variance for Multiply Imputed Data Sets (Using the
    > ### D_2 Statistic)
    > ### Aliases: mi.anova
    >
    > ### ** Examples
    >
    > #############################################################################
    > # EXAMPLE 1: nhanes2 data | two-way ANOVA
    > #############################################################################
    >
    > library(mice)
    > library(car)
    Error in library(car) : there is no package called 'car'
    Execution halted
Flavor: r-devel-windows-x86_64-gcc10-UCRT