CRAN Package Check Results for Package microbial

Last updated on 2021-10-18 04:54:25 CEST.

Flavor Version Tinstall Tcheck Ttotal Status Flags
r-devel-linux-x86_64-debian-clang 0.0.19 53.95 531.45 585.40 OK
r-devel-linux-x86_64-debian-gcc 0.0.19 45.13 403.02 448.15 OK
r-devel-linux-x86_64-fedora-clang 0.0.19 742.22 NOTE
r-devel-linux-x86_64-fedora-gcc 0.0.19 758.70 NOTE
r-devel-windows-x86_64 0.0.19 80.00 612.00 692.00 OK
r-devel-windows-x86_64-gcc10-UCRT 0.0.19 ERROR
r-patched-linux-x86_64 0.0.19 47.66 513.12 560.78 OK
r-patched-solaris-x86 0.0.19 1027.90 NOTE
r-release-linux-x86_64 0.0.19 53.72 506.36 560.08 OK
r-release-macos-arm64 0.0.19 ERROR
r-release-macos-x86_64 0.0.19 ERROR
r-release-windows-ix86+x86_64 0.0.19 126.00 597.00 723.00 OK
r-oldrel-macos-x86_64 0.0.19 ERROR
r-oldrel-windows-ix86+x86_64 0.0.19 129.00 618.00 747.00 OK

Check Details

Version: 0.0.19
Check: package dependencies
Result: NOTE
    Imports includes 22 non-default packages.
    Importing from so many packages makes the package vulnerable to any of
    them becoming unavailable. Move as many as possible to Suggests and
    use conditionally.
Flavor: r-devel-linux-x86_64-fedora-clang

Version: 0.0.19
Check: dependencies in R code
Result: NOTE
    Namespace in Imports field not imported from: ‘testthat’
     All declared Imports should be used.
Flavors: r-devel-linux-x86_64-fedora-clang, r-devel-linux-x86_64-fedora-gcc, r-patched-solaris-x86

Version: 0.0.19
Check: package dependencies
Result: ERROR
    Package required but not available: 'DESeq2'
    
    See section 'The DESCRIPTION file' in the 'Writing R Extensions'
    manual.
Flavor: r-devel-windows-x86_64-gcc10-UCRT

Version: 0.0.19
Check: package dependencies
Result: ERROR
    Package required but not available: ‘dada2’
    
    See section ‘The DESCRIPTION file’ in the ‘Writing R Extensions’
    manual.
Flavor: r-release-macos-arm64

Version: 0.0.19
Check: package dependencies
Result: ERROR
    Packages required but not available: 'dada2', 'DECIPHER'
    
    See section ‘The DESCRIPTION file’ in the ‘Writing R Extensions’
    manual.
Flavors: r-release-macos-x86_64, r-oldrel-macos-x86_64