CRAN Package Check Results for Package midas

Last updated on 2021-09-27 20:48:23 CEST.

Flavor Version Tinstall Tcheck Ttotal Status Flags
r-devel-linux-x86_64-debian-clang 1.0.1 3.40 33.51 36.91 NOTE
r-devel-linux-x86_64-debian-gcc 1.0.1 2.44 26.62 29.06 NOTE
r-devel-linux-x86_64-fedora-clang 1.0.1 53.49 NOTE
r-devel-linux-x86_64-fedora-gcc 1.0.1 42.74 NOTE
r-devel-windows-x86_64 1.0.1 5.00 41.00 46.00 NOTE
r-devel-windows-x86_64-gcc10-UCRT 1.0.1 NOTE
r-patched-linux-x86_64 1.0.1 3.26 32.83 36.09 NOTE
r-patched-solaris-x86 1.0.1 68.80 NOTE
r-release-linux-x86_64 1.0.1 3.39 32.39 35.78 NOTE
r-release-macos-arm64 1.0.1 NOTE
r-release-macos-x86_64 1.0.1 NOTE
r-release-windows-ix86+x86_64 1.0.1 8.00 39.00 47.00 NOTE
r-oldrel-macos-x86_64 1.0.1 OK
r-oldrel-windows-ix86+x86_64 1.0.1 7.00 39.00 46.00 OK

Check Details

Version: 1.0.1
Check: LazyData
Result: NOTE
     'LazyData' is specified without a 'data' directory
Flavors: r-devel-linux-x86_64-debian-clang, r-devel-linux-x86_64-debian-gcc, r-devel-linux-x86_64-fedora-clang, r-devel-linux-x86_64-fedora-gcc, r-devel-windows-x86_64, r-devel-windows-x86_64-gcc10-UCRT, r-patched-linux-x86_64, r-patched-solaris-x86, r-release-linux-x86_64, r-release-macos-arm64, r-release-macos-x86_64, r-release-windows-ix86+x86_64