Last updated on 2024-03-28 23:55:12 CET.
Flavor | Version | Tinstall | Tcheck | Ttotal | Status | Flags |
---|---|---|---|---|---|---|
r-devel-linux-x86_64-debian-clang | 1.6.1 | 28.71 | 297.76 | 326.47 | NOTE | |
r-devel-linux-x86_64-debian-gcc | 1.6.1 | 22.49 | 220.81 | 243.30 | NOTE | |
r-devel-linux-x86_64-fedora-clang | 1.6.1 | 413.88 | NOTE | |||
r-devel-linux-x86_64-fedora-gcc | 1.6.1 | 398.56 | NOTE | |||
r-devel-windows-x86_64 | 1.6.1 | 25.00 | 220.00 | 245.00 | ERROR | |
r-patched-linux-x86_64 | 1.6.1 | 19.09 | 287.05 | 306.14 | NOTE | |
r-release-linux-x86_64 | 1.6.1 | 18.03 | 280.07 | 298.10 | OK | |
r-release-macos-arm64 | 1.6.1 | 136.00 | OK | |||
r-release-macos-x86_64 | 1.6.1 | 280.00 | OK | |||
r-release-windows-x86_64 | 1.6.1 | 33.00 | 324.00 | 357.00 | OK | |
r-oldrel-macos-arm64 | 1.6.1 | 117.00 | OK | |||
r-oldrel-windows-x86_64 | 1.6.1 | 35.00 | 308.00 | 343.00 | OK |
Version: 1.6.1
Check: Rd files
Result: NOTE
checkRd: (-1) create_grouped_data_partition.Rd:60: Lost braces; missing escapes or markup?
60 | Zena Lapp, {zenalapp@umich.edu}
| ^
checkRd: (-1) create_grouped_data_partition.Rd:62: Lost braces; missing escapes or markup?
62 | Kelly Sovacool, {sovacool@umich.edu}
| ^
checkRd: (-1) create_grouped_k_multifolds.Rd:30: Lost braces; missing escapes or markup?
30 | Zena Lapp, {zenalapp@umich.edu}
| ^
checkRd: (-1) get_partition_indices.Rd:58: Lost braces; missing escapes or markup?
58 | Kelly Sovacool, {sovacool@umich.edu}
| ^
checkRd: (-1) set_hparams_glmnet.Rd:16: Lost braces; missing escapes or markup?
16 | Zena Lapp, {zenalapp@umich.edu}
| ^
Flavors: r-devel-linux-x86_64-debian-clang, r-devel-linux-x86_64-debian-gcc, r-devel-linux-x86_64-fedora-clang, r-devel-linux-x86_64-fedora-gcc, r-devel-windows-x86_64, r-patched-linux-x86_64
Version: 1.6.1
Check: tests
Result: ERROR
Running 'testthat.R' [37s]
Running the tests in 'tests/testthat.R' failed.
Complete output:
> library(testthat)
> library(mikropml)
> test_check("mikropml")
Fraction of data in the training set: 0.778
Groups in the training set: A C D
Groups in the testing set: B
Fraction of data in the training set: 0.778
Groups in the training set: A C D
Groups in the testing set: B
Fraction of data in the training set: 0.333
Groups in the training set: A D
Groups in the testing set: A B C D
Fraction of data in the training set: 0.785
Groups in the training set: A B E F G H
Groups in the testing set: C D
Fraction of data in the training set: 0.2
Groups in the training set: A B
Groups in the testing set: A B C D E F G H
Attaching package: 'purrr'
The following object is masked from 'package:testthat':
is_null
Using 'dx' as the outcome column.
Using 'dx' as the outcome column.
Using 'dx' as the outcome column.
Using 'y' as the outcome column.
Using 'y' as the outcome column.
Attaching package: 'dplyr'
The following object is masked from 'package:testthat':
matches
The following objects are masked from 'package:stats':
filter, lag
The following objects are masked from 'package:base':
intersect, setdiff, setequal, union
Flavor: r-devel-windows-x86_64
Version: 1.6.1
Check: re-building of vignette outputs
Result: ERROR
Error(s) in re-building vignettes:
--- re-building 'introduction.Rmd' using rmarkdown
--- re-building 'paper.Rmd' using rmarkdown
--- finished re-building 'paper.Rmd'
SUMMARY: processing the following file failed:
'introduction.Rmd'
Error: Vignette re-building failed.
Execution halted
Flavor: r-devel-windows-x86_64