Last updated on 2024-03-29 15:54:43 CET.
Flavor | Version | Tinstall | Tcheck | Ttotal | Status | Flags |
---|---|---|---|---|---|---|
r-devel-linux-x86_64-debian-clang | 0.3.1 | 100.93 | 134.91 | 235.84 | NOTE | |
r-devel-linux-x86_64-debian-gcc | 0.3.1 | 83.75 | 108.45 | 192.20 | NOTE | |
r-devel-linux-x86_64-fedora-clang | 0.3.1 | 356.95 | NOTE | |||
r-devel-linux-x86_64-fedora-gcc | 0.3.1 | 354.81 | NOTE | |||
r-devel-windows-x86_64 | 0.3.1 | 87.00 | 144.00 | 231.00 | NOTE | |
r-patched-linux-x86_64 | 0.3.1 | 102.44 | 136.32 | 238.76 | NOTE | |
r-release-linux-x86_64 | 0.3.1 | 100.30 | 136.56 | 236.86 | NOTE | |
r-release-macos-arm64 | 0.3.1 | 106.00 | NOTE | |||
r-release-macos-x86_64 | 0.3.1 | 180.00 | NOTE | |||
r-release-windows-x86_64 | 0.3.1 | 104.00 | 178.00 | 282.00 | NOTE | |
r-oldrel-macos-arm64 | 0.3.1 | 105.00 | NOTE | |||
r-oldrel-windows-x86_64 | 0.3.1 | 103.00 | 178.00 | 281.00 | NOTE |
Version: 0.3.1
Check: C++ specification
Result: NOTE
Specified C++11: please drop specification unless essential
Flavors: r-devel-linux-x86_64-debian-clang, r-devel-linux-x86_64-debian-gcc, r-devel-linux-x86_64-fedora-clang, r-devel-linux-x86_64-fedora-gcc, r-devel-windows-x86_64, r-patched-linux-x86_64, r-release-linux-x86_64, r-release-macos-arm64, r-release-macos-x86_64, r-release-windows-x86_64
Version: 0.3.1
Check: Rd files
Result: NOTE
checkRd: (-1) milr.Rd:45: Lost braces in \itemize; \value handles \item{}{} directly
checkRd: (-1) milr.Rd:46-47: Lost braces in \itemize; \value handles \item{}{} directly
checkRd: (-1) milr.Rd:48: Lost braces in \itemize; \value handles \item{}{} directly
checkRd: (-1) milr.Rd:49: Lost braces in \itemize; \value handles \item{}{} directly
checkRd: (-1) milr.Rd:50: Lost braces in \itemize; \value handles \item{}{} directly
checkRd: (-1) milr.Rd:51-52: Lost braces in \itemize; \value handles \item{}{} directly
Flavors: r-devel-linux-x86_64-debian-clang, r-devel-linux-x86_64-debian-gcc, r-devel-linux-x86_64-fedora-clang, r-devel-linux-x86_64-fedora-gcc, r-devel-windows-x86_64, r-patched-linux-x86_64
Version: 0.3.1
Check: LazyData
Result: NOTE
'LazyData' is specified without a 'data' directory
Flavors: r-devel-linux-x86_64-debian-clang, r-devel-linux-x86_64-debian-gcc, r-devel-linux-x86_64-fedora-clang, r-devel-linux-x86_64-fedora-gcc, r-devel-windows-x86_64, r-patched-linux-x86_64, r-release-linux-x86_64, r-release-macos-arm64, r-release-macos-x86_64, r-release-windows-x86_64, r-oldrel-macos-arm64, r-oldrel-windows-x86_64