CRAN Package Check Results for Package mined

Last updated on 2023-06-04 08:57:15 CEST.

Flavor Version Tinstall Tcheck Ttotal Status Flags
r-devel-linux-x86_64-debian-clang 1.0-3 67.22 33.74 100.96 NOTE
r-devel-linux-x86_64-debian-gcc 1.0-3 57.54 29.00 86.54 NOTE
r-devel-linux-x86_64-fedora-clang 1.0-3 137.94 NOTE
r-devel-linux-x86_64-fedora-gcc 1.0-3 162.88 NOTE
r-devel-windows-x86_64 1.0-3 48.00 71.00 119.00 NOTE
r-patched-linux-x86_64 1.0-3 63.26 36.37 99.63 NOTE
r-release-linux-x86_64 1.0-3 56.54 35.97 92.51 NOTE
r-release-macos-arm64 1.0-3 46.00 NOTE
r-release-macos-x86_64 1.0-3 79.00 NOTE
r-release-windows-x86_64 1.0-3 64.00 81.00 145.00 NOTE
r-oldrel-macos-arm64 1.0-3 36.00 NOTE
r-oldrel-macos-x86_64 1.0-3 54.00 NOTE
r-oldrel-windows-x86_64 1.0-3 63.00 77.00 140.00 OK

Check Details

Version: 1.0-3
Check: C++ specification
Result: NOTE
     Specified C++11: please drop specification unless essential
Flavors: r-devel-linux-x86_64-debian-clang, r-devel-linux-x86_64-debian-gcc, r-devel-linux-x86_64-fedora-clang, r-devel-linux-x86_64-fedora-gcc, r-devel-windows-x86_64, r-patched-linux-x86_64, r-release-linux-x86_64, r-release-macos-arm64, r-release-macos-x86_64, r-release-windows-x86_64

Version: 1.0-3
Check: installed package size
Result: NOTE
     installed size is 22.3Mb
     sub-directories of 1Mb or more:
     libs 22.2Mb
Flavors: r-release-macos-arm64, r-release-macos-x86_64, r-oldrel-macos-arm64, r-oldrel-macos-x86_64