CRAN Package Check Results for Package minimalRSD

Last updated on 2024-03-02 00:53:30 CET.

Flavor Version Tinstall Tcheck Ttotal Status Flags
r-devel-linux-x86_64-debian-clang 1.0.0 2.21 21.10 23.31 NOTE
r-devel-linux-x86_64-debian-gcc 1.0.0 1.67 16.32 17.99 NOTE
r-devel-linux-x86_64-fedora-clang 1.0.0 28.81 NOTE
r-devel-linux-x86_64-fedora-gcc 1.0.0 27.55 NOTE
r-devel-windows-x86_64 1.0.0 3.00 45.00 48.00 NOTE
r-patched-linux-x86_64 1.0.0 1.93 20.89 22.82 NOTE
r-release-linux-x86_64 1.0.0 2.26 21.10 23.36 NOTE
r-release-macos-arm64 1.0.0 13.00 NOTE
r-release-macos-x86_64 1.0.0 19.00 NOTE
r-release-windows-x86_64 1.0.0 3.00 41.00 44.00 NOTE
r-oldrel-macos-arm64 1.0.0 15.00 NOTE
r-oldrel-windows-x86_64 1.0.0 5.00 47.00 52.00 NOTE

Check Details

Version: 1.0.0
Check: LazyData
Result: NOTE 'LazyData' is specified without a 'data' directory Flavors: r-devel-linux-x86_64-debian-clang, r-devel-linux-x86_64-debian-gcc, r-devel-linux-x86_64-fedora-clang, r-devel-linux-x86_64-fedora-gcc, r-devel-windows-x86_64, r-patched-linux-x86_64, r-release-linux-x86_64, r-release-macos-arm64, r-release-macos-x86_64, r-release-windows-x86_64, r-oldrel-macos-arm64, r-oldrel-windows-x86_64

Version: 1.0.0
Check: dependencies in R code
Result: NOTE Namespace in Imports field not imported from: ‘stats’ All declared Imports should be used. Flavors: r-devel-linux-x86_64-fedora-clang, r-devel-linux-x86_64-fedora-gcc