CRAN Package Check Results for Package mipplot

Last updated on 2021-09-22 13:07:08 CEST.

Flavor Version Tinstall Tcheck Ttotal Status Flags
r-devel-linux-x86_64-debian-clang 0.3.1 10.03 172.69 182.72 OK
r-devel-linux-x86_64-debian-gcc 0.3.1 8.28 118.66 126.94 OK
r-devel-linux-x86_64-fedora-clang 0.3.1 212.82 OK
r-devel-linux-x86_64-fedora-gcc 0.3.1 202.84 OK
r-devel-windows-x86_64 0.3.1 11.00 142.00 153.00 OK
r-devel-windows-x86_64-gcc10-UCRT 0.3.1 ERROR
r-patched-linux-x86_64 0.3.1 6.46 155.66 162.12 OK
r-patched-solaris-x86 0.3.1 162.10 OK
r-release-linux-x86_64 0.3.1 9.31 156.11 165.42 OK
r-release-macos-arm64 0.3.1 OK
r-release-macos-x86_64 0.3.1 OK
r-release-windows-ix86+x86_64 0.3.1 21.00 143.00 164.00 OK
r-oldrel-macos-x86_64 0.3.1 OK
r-oldrel-windows-ix86+x86_64 0.3.1 17.00 141.00 158.00 OK

Check Details

Version: 0.3.1
Check: package dependencies
Result: ERROR
    Packages required but not available: 'showtextdb', 'showtext'
    
    Package suggested but not available for checking: 'tidyverse'
    
    See section 'The DESCRIPTION file' in the 'Writing R Extensions'
    manual.
Flavor: r-devel-windows-x86_64-gcc10-UCRT