Last updated on 2023-06-11 01:01:19 CEST.
Flavor | Version | Tinstall | Tcheck | Ttotal | Status | Flags |
---|---|---|---|---|---|---|
r-devel-linux-x86_64-debian-clang | 1.39 | 170.91 | 262.61 | 433.52 | OK | |
r-devel-linux-x86_64-debian-gcc | 1.39 | 119.69 | 194.74 | 314.43 | OK | |
r-devel-linux-x86_64-fedora-clang | 1.39 | 572.74 | OK | |||
r-devel-linux-x86_64-fedora-gcc | 1.39 | 557.20 | OK | |||
r-devel-windows-x86_64 | 1.39 | 114.00 | 224.00 | 338.00 | OK | |
r-patched-linux-x86_64 | 1.39 | 143.50 | 253.86 | 397.36 | OK | |
r-release-linux-x86_64 | 1.39 | 134.52 | 251.34 | 385.86 | OK | |
r-release-macos-arm64 | 1.39 | 126.00 | NOTE | |||
r-release-macos-x86_64 | 1.38.1 | 237.00 | NOTE | |||
r-release-windows-x86_64 | 1.39 | 150.00 | 291.00 | 441.00 | OK | |
r-oldrel-macos-arm64 | 1.39 | 119.00 | NOTE | |||
r-oldrel-macos-x86_64 | 1.39 | 162.00 | NOTE | |||
r-oldrel-windows-x86_64 | 1.39 | 143.00 | 252.00 | 395.00 | OK |
Version: 1.39
Check: installed package size
Result: NOTE
installed size is 9.3Mb
sub-directories of 1Mb or more:
R 2.0Mb
libs 6.6Mb
Flavors: r-release-macos-arm64, r-oldrel-macos-arm64, r-oldrel-macos-x86_64
Version: 1.38.1
Check: package dependencies
Result: NOTE
Packages suggested but not available for checking: 'sirt', 'mirtCAT'
Flavor: r-release-macos-x86_64
Version: 1.38.1
Check: installed package size
Result: NOTE
installed size is 9.0Mb
sub-directories of 1Mb or more:
R 2.0Mb
libs 6.3Mb
Flavor: r-release-macos-x86_64