Last updated on 2024-03-28 15:49:53 CET.
Flavor | Version | Tinstall | Tcheck | Ttotal | Status | Flags |
---|---|---|---|---|---|---|
r-devel-linux-x86_64-debian-clang | 0.9-1 | 6.71 | 52.83 | 59.54 | OK | |
r-devel-linux-x86_64-debian-gcc | 0.9-1 | 5.14 | 39.71 | 44.85 | OK | |
r-devel-linux-x86_64-fedora-clang | 0.9-1 | 73.68 | NOTE | |||
r-devel-linux-x86_64-fedora-gcc | 0.9-1 | 72.65 | OK | |||
r-devel-windows-x86_64 | 0.9-1 | 7.00 | 72.00 | 79.00 | OK | |
r-patched-linux-x86_64 | 0.9-1 | 7.37 | 50.67 | 58.04 | OK | |
r-release-linux-x86_64 | 0.9-1 | 4.70 | 47.76 | 52.46 | OK | |
r-release-macos-arm64 | 0.9-1 | 29.00 | OK | |||
r-release-macos-x86_64 | 0.9-1 | 41.00 | OK | |||
r-release-windows-x86_64 | 0.9-1 | 7.00 | 92.00 | 99.00 | OK | |
r-oldrel-macos-arm64 | 0.9-1 | 45.00 | OK | |||
r-oldrel-windows-x86_64 | 0.9-1 | 8.00 | 99.00 | 107.00 | OK |
Version: 0.9-1
Check: Rd cross-references
Result: NOTE
Undeclared package ‘scatterplot3d’ in Rd xrefs
Flavor: r-devel-linux-x86_64-fedora-clang