Last updated on 2023-06-07 17:55:42 CEST.
Flavor | Version | Tinstall | Tcheck | Ttotal | Status | Flags |
---|---|---|---|---|---|---|
r-devel-linux-x86_64-debian-clang | 1.5.0 | 33.72 | 612.08 | 645.80 | OK | |
r-devel-linux-x86_64-debian-gcc | 1.5.0 | 27.28 | 456.03 | 483.31 | OK | |
r-devel-linux-x86_64-fedora-clang | 1.5.0 | 870.61 | NOTE | |||
r-devel-linux-x86_64-fedora-gcc | 1.5.0 | 809.74 | NOTE | |||
r-devel-windows-x86_64 | 1.5.0 | 29.00 | 429.00 | 458.00 | OK | |
r-patched-linux-x86_64 | 1.5.0 | 43.54 | 579.47 | 623.01 | OK | |
r-release-linux-x86_64 | 1.5.0 | 30.00 | 591.16 | 621.16 | OK | |
r-release-macos-arm64 | 1.5.0 | 218.00 | OK | |||
r-release-macos-x86_64 | 1.5.0 | 379.00 | OK | |||
r-release-windows-x86_64 | 1.5.0 | 40.00 | 581.00 | 621.00 | OK | |
r-oldrel-macos-arm64 | 1.5.0 | 114.00 | OK | |||
r-oldrel-macos-x86_64 | 1.5.0 | 251.00 | OK | |||
r-oldrel-windows-x86_64 | 1.5.0 | 40.00 | 562.00 | 602.00 | OK |
Version: 1.5.0
Check: dependencies in R code
Result: NOTE
Namespace in Imports field not imported from: ‘mcmcr’
All declared Imports should be used.
Flavors: r-devel-linux-x86_64-fedora-clang, r-devel-linux-x86_64-fedora-gcc