Last updated on 2024-03-28 23:55:12 CET.
Flavor | Version | Tinstall | Tcheck | Ttotal | Status | Flags |
---|---|---|---|---|---|---|
r-devel-linux-x86_64-debian-clang | 2.0.4 | 3.43 | 72.13 | 75.56 | NOTE | |
r-devel-linux-x86_64-debian-gcc | 2.0.4 | 3.48 | 54.79 | 58.27 | NOTE | |
r-devel-linux-x86_64-fedora-clang | 2.0.4 | 95.47 | NOTE | |||
r-devel-linux-x86_64-fedora-gcc | 2.0.4 | 93.63 | NOTE | |||
r-devel-windows-x86_64 | 2.0.4 | 5.00 | 101.00 | 106.00 | NOTE | |
r-patched-linux-x86_64 | 2.0.4 | 7.45 | 69.24 | 76.69 | NOTE | |
r-release-linux-x86_64 | 2.0.4 | 3.54 | 71.42 | 74.96 | OK | |
r-release-macos-arm64 | 2.0.4 | 35.00 | OK | |||
r-release-macos-x86_64 | 2.0.4 | 53.00 | OK | |||
r-release-windows-x86_64 | 2.0.4 | 6.00 | 118.00 | 124.00 | OK | |
r-oldrel-macos-arm64 | 2.0.4 | 41.00 | OK | |||
r-oldrel-windows-x86_64 | 2.0.4 | 7.00 | 119.00 | 126.00 | OK |
Version: 2.0.4
Check: Rd contents
Result: NOTE
Argument items with no description in Rd file 'randomizationTest.Rd':
‘R’
Flavors: r-devel-linux-x86_64-debian-clang, r-devel-linux-x86_64-debian-gcc, r-devel-linux-x86_64-fedora-clang, r-devel-linux-x86_64-fedora-gcc, r-devel-windows-x86_64, r-patched-linux-x86_64