Last updated on 2023-11-30 16:49:29 CET.
Flavor | Version | Tinstall | Tcheck | Ttotal | Status | Flags |
---|---|---|---|---|---|---|
r-devel-linux-x86_64-debian-clang | 1.0.2 | 179.81 | 83.28 | 263.09 | NOTE | |
r-devel-linux-x86_64-debian-gcc | 1.0.2 | 127.45 | 62.49 | 189.94 | NOTE | |
r-devel-linux-x86_64-fedora-clang | 1.0.2 | 415.69 | NOTE | |||
r-devel-linux-x86_64-fedora-gcc | 1.0.2 | 397.89 | NOTE | |||
r-devel-windows-x86_64 | 1.0.2 | 136.00 | 105.00 | 241.00 | NOTE | |
r-patched-linux-x86_64 | 1.0.2 | 125.51 | 80.75 | 206.26 | NOTE | |
r-release-linux-x86_64 | 1.0.2 | 123.21 | 79.27 | 202.48 | NOTE | |
r-release-macos-arm64 | 1.0.2 | 111.00 | NOTE | |||
r-release-macos-x86_64 | 1.0.2 | 162.00 | NOTE | |||
r-release-windows-x86_64 | 1.0.2 | 176.00 | 119.00 | 295.00 | NOTE | |
r-oldrel-macos-arm64 | 1.0.2 | 85.00 | NOTE | |||
r-oldrel-macos-x86_64 | 1.0.2 | 138.00 | NOTE | |||
r-oldrel-windows-x86_64 | 1.0.2 | 169.00 | 119.00 | 288.00 | OK |
Version: 1.0.2
Check: C++ specification
Result: NOTE
Specified C++11: please drop specification unless essential
Flavors: r-devel-linux-x86_64-debian-clang, r-devel-linux-x86_64-debian-gcc, r-devel-linux-x86_64-fedora-clang, r-devel-linux-x86_64-fedora-gcc, r-devel-windows-x86_64, r-patched-linux-x86_64, r-release-linux-x86_64, r-release-macos-arm64, r-release-macos-x86_64, r-release-windows-x86_64
Version: 1.0.2
Check: Rd files
Result: NOTE
checkRd: (-1) mixedCoclust.Rd:37: Lost braces; missing escapes or markup?
37 | Vector of length D. d^{th} element indicates the number of column clusters.
| ^
checkRd: (-1) mixedCoclust.Rd:41: Lost braces; missing escapes or markup?
41 | Vector of length D. d^{th} element defines the ordinal and categorical data's number of levels.
| ^
checkRd: (-1) mixedCoclust.Rd:93: Lost braces; missing escapes or markup?
93 | \item{@rhochain}{List of length nbSEM. Item i is a list of length D whose d^{th} contains the column mixing proportions of groups of variables d, at iteration i.}
| ^
checkRd: (-1) mixedCoclust.Rd:94: Lost braces; missing escapes or markup?
94 | \item{@zc}{List of length D. d^{th} item is a vector of length J[d] representing the columns partitions for the group of variables d.}
| ^
checkRd: (-1) mixedCoclust.Rd:97: Lost braces; missing escapes or markup?
97 | \item{@m}{Vector of length D. d^{th} element represents the number of levels of d^{th} group of variables.}
| ^
checkRd: (-1) mixedCoclust.Rd:97: Lost braces; missing escapes or markup?
97 | \item{@m}{Vector of length D. d^{th} element represents the number of levels of d^{th} group of variables.}
| ^
checkRd: (-1) mixedCoclust.Rd:98: Lost braces; missing escapes or markup?
98 | \item{@params}{List of length D. d^{th} item represents the blocks paramaters for group of variables d.}
| ^
checkRd: (-1) mixedCoclust.Rd:100: Lost braces; missing escapes or markup?
100 | \item{@rho}{List of length D. d^{th} item represents the column mixing proportion for d^{th} group of variables.}
| ^
checkRd: (-1) mixedCoclust.Rd:100: Lost braces; missing escapes or markup?
100 | \item{@rho}{List of length D. d^{th} item represents the column mixing proportion for d^{th} group of variables.}
| ^
checkRd: (-1) mixedCoclust.Rd:101: Lost braces; missing escapes or markup?
101 | \item{@xhat}{List of length D. d^{th} item represents the d^{th} group of variables dataset, with missing values completed.}
| ^
checkRd: (-1) mixedCoclust.Rd:101: Lost braces; missing escapes or markup?
101 | \item{@xhat}{List of length D. d^{th} item represents the d^{th} group of variables dataset, with missing values completed.}
| ^
Flavors: r-devel-linux-x86_64-debian-clang, r-devel-linux-x86_64-debian-gcc
Version: 1.0.2
Check: installed package size
Result: NOTE
installed size is 7.8Mb
sub-directories of 1Mb or more:
libs 7.7Mb
Flavors: r-release-macos-arm64, r-release-macos-x86_64, r-oldrel-macos-arm64, r-oldrel-macos-x86_64