Last updated on 2023-06-08 08:55:27 CEST.
Flavor | Version | Tinstall | Tcheck | Ttotal | Status | Flags |
---|---|---|---|---|---|---|
r-devel-linux-x86_64-debian-clang | 1.0.2 | 178.97 | 85.04 | 264.01 | NOTE | |
r-devel-linux-x86_64-debian-gcc | 1.0.2 | 141.32 | 65.81 | 207.13 | WARN | |
r-devel-linux-x86_64-fedora-clang | 1.0.2 | 390.64 | NOTE | |||
r-devel-linux-x86_64-fedora-gcc | 1.0.2 | 401.16 | NOTE | |||
r-devel-windows-x86_64 | 1.0.2 | 135.00 | 106.00 | 241.00 | NOTE | |
r-patched-linux-x86_64 | 1.0.2 | 144.74 | 81.72 | 226.46 | NOTE | |
r-release-linux-x86_64 | 1.0.2 | 129.82 | 82.41 | 212.23 | NOTE | |
r-release-macos-arm64 | 1.0.2 | 111.00 | NOTE | |||
r-release-macos-x86_64 | 1.0.2 | 162.00 | NOTE | |||
r-release-windows-x86_64 | 1.0.2 | 169.00 | 122.00 | 291.00 | NOTE | |
r-oldrel-macos-arm64 | 1.0.2 | 85.00 | NOTE | |||
r-oldrel-macos-x86_64 | 1.0.2 | 138.00 | NOTE | |||
r-oldrel-windows-x86_64 | 1.0.2 | 167.00 | 121.00 | 288.00 | OK |
Version: 1.0.2
Check: C++ specification
Result: NOTE
Specified C++11: please drop specification unless essential
Flavors: r-devel-linux-x86_64-debian-clang, r-devel-linux-x86_64-debian-gcc, r-devel-linux-x86_64-fedora-clang, r-devel-linux-x86_64-fedora-gcc, r-devel-windows-x86_64, r-patched-linux-x86_64, r-release-linux-x86_64, r-release-macos-arm64, r-release-macos-x86_64, r-release-windows-x86_64
Version: 1.0.2
Check: whether package can be installed
Result: WARN
Found the following significant warnings:
/usr/include/x86_64-linux-gnu/bits/string_fortified.h:59:33: warning: ‘void* __builtin_memset(void*, int, long unsigned int)’ forming offset [176, 183] is out of the bounds [0, 176] of object ‘b’ with type ‘arma::vec’ {aka ‘arma::Col<double>’} [-Warray-bounds]
See ‘/home/hornik/tmp/R.check/r-devel-gcc/Work/PKGS/mixedClust.Rcheck/00install.out’ for details.
* used C++ compiler: ‘g++-12 (Debian 12.2.0-14) 12.2.0’
Flavor: r-devel-linux-x86_64-debian-gcc
Version: 1.0.2
Check: installed package size
Result: NOTE
installed size is 7.8Mb
sub-directories of 1Mb or more:
libs 7.7Mb
Flavors: r-release-macos-arm64, r-release-macos-x86_64, r-oldrel-macos-arm64, r-oldrel-macos-x86_64