Last updated on 2023-05-28 22:00:16 CEST.
Flavor | Version | Tinstall | Tcheck | Ttotal | Status | Flags |
---|---|---|---|---|---|---|
r-devel-linux-x86_64-debian-clang | 1.1.2 | 197.49 | 86.81 | 284.30 | OK | |
r-devel-linux-x86_64-debian-gcc | 1.1.2 | 138.77 | 64.77 | 203.54 | OK | |
r-devel-linux-x86_64-fedora-clang | 1.1.2 | 400.42 | OK | |||
r-devel-linux-x86_64-fedora-gcc | 1.1.2 | 402.75 | OK | |||
r-devel-windows-x86_64 | 1.1.2 | 139.00 | 127.00 | 266.00 | OK | |
r-patched-linux-x86_64 | 1.1.2 | 147.72 | 79.45 | 227.17 | OK | |
r-release-linux-x86_64 | 1.1.2 | 151.15 | 78.65 | 229.80 | OK | |
r-release-macos-arm64 | 1.1.2 | 97.00 | NOTE | |||
r-release-macos-x86_64 | 1.1.2 | 116.00 | OK | |||
r-release-windows-x86_64 | 1.1.2 | 177.00 | 136.00 | 313.00 | OK | |
r-oldrel-macos-arm64 | 1.1.2 | 98.00 | NOTE | |||
r-oldrel-macos-x86_64 | 1.1.2 | 109.00 | OK | |||
r-oldrel-windows-x86_64 | 1.1.2 | 171.00 | 129.00 | 300.00 | OK |
Version: 1.1.2
Check: installed package size
Result: NOTE
installed size is 5.5Mb
sub-directories of 1Mb or more:
libs 5.0Mb
Flavors: r-release-macos-arm64, r-oldrel-macos-arm64