Last updated on 2024-04-19 16:58:48 CEST.
Flavor | Version | Tinstall | Tcheck | Ttotal | Status | Flags |
---|---|---|---|---|---|---|
r-devel-linux-x86_64-debian-clang | 1.1.2 | 192.00 | 88.86 | 280.86 | OK | |
r-devel-linux-x86_64-debian-gcc | 1.1.2 | OK | ||||
r-devel-linux-x86_64-fedora-clang | 1.1.2 | 409.81 | OK | |||
r-devel-linux-x86_64-fedora-gcc | 1.1.2 | 408.82 | OK | |||
r-prerel-macos-arm64 | 1.1.2 | 81.00 | NOTE | |||
r-prerel-windows-x86_64 | 1.1.2 | 145.00 | 126.00 | 271.00 | OK | |
r-patched-linux-x86_64 | 1.1.2 | 191.17 | 83.29 | 274.46 | OK | |
r-release-linux-x86_64 | 1.1.2 | 171.89 | 81.73 | 253.62 | OK | |
r-release-macos-arm64 | 1.1.2 | 97.00 | NOTE | |||
r-release-macos-x86_64 | 1.1.2 | 116.00 | OK | |||
r-release-windows-x86_64 | 1.1.2 | 150.00 | 137.00 | 287.00 | OK | |
r-oldrel-macos-arm64 | 1.1.2 | 98.00 | NOTE | |||
r-oldrel-windows-x86_64 | 1.1.2 | 165.00 | 135.00 | 300.00 | OK |
Version: 1.1.2
Check: installed package size
Result: NOTE
installed size is 5.3Mb
sub-directories of 1Mb or more:
libs 4.8Mb
Flavors: r-prerel-macos-arm64, r-release-macos-arm64, r-oldrel-macos-arm64