Last updated on 2023-06-09 16:57:00 CEST.
Flavor | Version | Tinstall | Tcheck | Ttotal | Status | Flags |
---|---|---|---|---|---|---|
r-devel-linux-x86_64-debian-clang | 2.0.5 | 100.66 | 46.08 | 146.74 | NOTE | |
r-devel-linux-x86_64-debian-gcc | 2.0.5 | 74.80 | 35.75 | 110.55 | NOTE | |
r-devel-linux-x86_64-fedora-clang | 2.0.5 | 208.02 | NOTE | |||
r-devel-linux-x86_64-fedora-gcc | 2.0.5 | 203.07 | NOTE | |||
r-devel-windows-x86_64 | 2.0.5 | 64.00 | 83.00 | 147.00 | NOTE | |
r-patched-linux-x86_64 | 2.0.5 | 76.32 | 45.47 | 121.79 | NOTE | |
r-release-linux-x86_64 | 2.0.5 | 75.91 | 45.36 | 121.27 | NOTE | |
r-release-macos-arm64 | 2.0.5 | 56.00 | WARN | |||
r-release-macos-x86_64 | 2.0.5 | 99.00 | WARN | |||
r-release-windows-x86_64 | 2.0.5 | 89.00 | 102.00 | 191.00 | NOTE | |
r-oldrel-macos-arm64 | 2.0.5 | 57.00 | WARN | |||
r-oldrel-macos-x86_64 | 2.0.5 | 76.00 | NOTE | |||
r-oldrel-windows-x86_64 | 2.0.5 | 81.00 | 94.00 | 175.00 | OK |
Version: 2.0.5
Check: C++ specification
Result: NOTE
Specified C++11: please drop specification unless essential
Flavors: r-devel-linux-x86_64-debian-clang, r-devel-linux-x86_64-debian-gcc, r-devel-linux-x86_64-fedora-clang, r-devel-linux-x86_64-fedora-gcc, r-devel-windows-x86_64, r-patched-linux-x86_64, r-release-linux-x86_64, r-release-macos-arm64, r-release-macos-x86_64, r-release-windows-x86_64
Version: 2.0.5
Check: whether package can be installed
Result: WARN
Found the following significant warnings:
/opt/R/arm64/include/boost/math/tools/config.hpp:23:6: warning: "The minimum language standard to use Boost.Math will be C++14 starting in July 2023 (Boost 1.82 release)" [-W#warnings]
# warning "The minimum language standard to use Boost.Math will be C++14 starting in July 2023 (Boost 1.82 release)"
See ‘/Volumes/Builds/packages/big-sur-arm64/results/4.3/mixture.Rcheck/00install.out’ for details.
* used C++ compiler: ‘Apple clang version 13.0.0 (clang-1300.0.29.30)’
* used SDK: ‘MacOSX11.3.sdk’
Flavor: r-release-macos-arm64
Version: 2.0.5
Check: installed package size
Result: NOTE
installed size is 12.0Mb
sub-directories of 1Mb or more:
libs 11.7Mb
Flavors: r-release-macos-arm64, r-release-macos-x86_64, r-oldrel-macos-arm64, r-oldrel-macos-x86_64
Version: 2.0.5
Check: whether package can be installed
Result: WARN
Found the following significant warnings:
/opt/R/x86_64/include/boost/math/tools/config.hpp:23:6: warning: "The minimum language standard to use Boost.Math will be C++14 starting in July 2023 (Boost 1.82 release)" [-W#warnings]
# warning "The minimum language standard to use Boost.Math will be C++14 starting in July 2023 (Boost 1.82 release)"
See ‘/Volumes/Builds/packages/big-sur-x86_64/results/4.3/mixture.Rcheck/00install.out’ for details.
* used C++ compiler: ‘Apple clang version 14.0.3 (clang-1403.0.22.14.1)’
* used SDK: ‘MacOSX11.3.sdk’
Flavor: r-release-macos-x86_64
Version: 2.0.5
Check: whether package can be installed
Result: WARN
Found the following significant warnings:
/opt/R/arm64/include/boost/math/tools/config.hpp:23:6: warning: "The minimum language standard to use Boost.Math will be C++14 starting in July 2023 (Boost 1.82 release)" [-W#warnings]
# warning "The minimum language standard to use Boost.Math will be C++14 starting in July 2023 (Boost 1.82 release)"
Flavor: r-oldrel-macos-arm64