Last updated on 2023-02-04 01:54:27 CET.
Flavor | Version | Tinstall | Tcheck | Ttotal | Status | Flags |
---|---|---|---|---|---|---|
r-devel-linux-x86_64-debian-clang | 0.2.4 | 8.15 | 77.89 | 86.04 | NOTE | |
r-devel-linux-x86_64-debian-gcc | 0.2.4 | 5.59 | 57.27 | 62.86 | NOTE | |
r-devel-linux-x86_64-fedora-clang | 0.2.4 | 103.29 | NOTE | |||
r-devel-linux-x86_64-fedora-gcc | 0.2.4 | 112.63 | NOTE | |||
r-devel-windows-x86_64 | 0.2.4 | 56.00 | 110.00 | 166.00 | NOTE | |
r-patched-linux-x86_64 | 0.2.4 | 6.48 | 72.51 | 78.99 | NOTE | |
r-release-linux-x86_64 | 0.2.4 | 8.47 | 66.99 | 75.46 | NOTE | |
r-release-macos-arm64 | 0.2.4 | 28.00 | NOTE | |||
r-release-macos-x86_64 | 0.2.4 | 41.00 | NOTE | |||
r-release-windows-x86_64 | 0.2.4 | 47.00 | 121.00 | 168.00 | NOTE | |
r-oldrel-macos-arm64 | 0.2.4 | 32.00 | NOTE | |||
r-oldrel-macos-x86_64 | 0.2.4 | 62.00 | NOTE | |||
r-oldrel-windows-ix86+x86_64 | 0.2.4 | 13.00 | 99.00 | 112.00 | NOTE |
Version: 0.2.4
Check: LazyData
Result: NOTE
'LazyData' is specified without a 'data' directory
Flavors: r-devel-linux-x86_64-debian-clang, r-devel-linux-x86_64-debian-gcc, r-devel-linux-x86_64-fedora-clang, r-devel-linux-x86_64-fedora-gcc, r-devel-windows-x86_64, r-patched-linux-x86_64, r-release-linux-x86_64, r-release-macos-arm64, r-release-macos-x86_64, r-release-windows-x86_64, r-oldrel-macos-arm64, r-oldrel-macos-x86_64, r-oldrel-windows-ix86+x86_64