Last updated on 2023-06-08 08:55:27 CEST.
Flavor | Version | Tinstall | Tcheck | Ttotal | Status | Flags |
---|---|---|---|---|---|---|
r-devel-linux-x86_64-debian-clang | 4.1.0 | 2717.40 | 66.18 | 2783.58 | OK | |
r-devel-linux-x86_64-debian-gcc | 4.1.0 | 2214.81 | 50.84 | 2265.65 | OK | |
r-devel-linux-x86_64-fedora-clang | 4.1.0 | 4025.69 | NOTE | |||
r-devel-linux-x86_64-fedora-gcc | 4.1.0 | 4473.09 | OK | |||
r-devel-windows-x86_64 | 4.1.0 | 2263.00 | 226.00 | 2489.00 | NOTE | |
r-patched-linux-x86_64 | 4.1.0 | 2371.63 | 65.03 | 2436.66 | OK | |
r-release-linux-x86_64 | 4.1.0 | 2307.08 | 64.25 | 2371.33 | OK | |
r-release-macos-arm64 | 4.1.0 | 1083.00 | NOTE | |||
r-release-macos-x86_64 | 4.0.1 | 498.00 | WARN | |||
r-release-windows-x86_64 | 4.1.0 | 2966.00 | 247.00 | 3213.00 | NOTE | |
r-oldrel-macos-arm64 | 4.1.0 | 1026.00 | NOTE | |||
r-oldrel-macos-x86_64 | 4.1.0 | 1129.00 | NOTE | |||
r-oldrel-windows-x86_64 | 4.1.0 | 2965.00 | 217.00 | 3182.00 | NOTE |
Version: 4.1.0
Check: installed package size
Result: NOTE
installed size is 25.7Mb
sub-directories of 1Mb or more:
libs 25.2Mb
Flavors: r-devel-linux-x86_64-fedora-clang, r-devel-windows-x86_64, r-release-macos-arm64, r-release-windows-x86_64, r-oldrel-macos-arm64, r-oldrel-macos-x86_64, r-oldrel-windows-x86_64
Version: 4.0.1
Check: whether package can be installed
Result: WARN
Found the following significant warnings:
./mlpack/core/data/save_impl.hpp:107:30: warning: 'quiet_save' is deprecated [-Wdeprecated-declarations]
./mlpack/core/data/save_impl.hpp:128:33: warning: 'quiet_save' is deprecated [-Wdeprecated-declarations]
See ‘/Volumes/Builds/packages/big-sur-x86_64/results/4.3/mlpack.Rcheck/00install.out’ for details.
* used C++ compiler: ‘Apple clang version 14.0.3 (clang-1403.0.22.14.1)’
* used SDK: ‘MacOSX11.3.sdk’
Flavor: r-release-macos-x86_64
Version: 4.0.1
Check: C++ specification
Result: NOTE
Specified C++14: please drop specification unless essential
Flavor: r-release-macos-x86_64
Version: 4.0.1
Check: installed package size
Result: NOTE
installed size is 220.2Mb
sub-directories of 1Mb or more:
libs 219.8Mb
Flavor: r-release-macos-x86_64