CRAN Package Check Results for Package mlquantify

Last updated on 2023-06-02 18:52:50 CEST.

Flavor Version Tinstall Tcheck Ttotal Status Flags
r-devel-linux-x86_64-debian-clang 0.2.0 3.20 43.20 46.40 OK
r-devel-linux-x86_64-debian-gcc 0.2.0 2.66 33.88 36.54 OK
r-devel-linux-x86_64-fedora-clang 0.2.0 58.04 NOTE
r-devel-linux-x86_64-fedora-gcc 0.2.0 54.07 NOTE
r-devel-windows-x86_64 0.2.0 5.00 59.00 64.00 OK
r-patched-linux-x86_64 0.2.0 OK
r-release-linux-x86_64 0.2.0 2.11 40.95 43.06 OK
r-release-macos-arm64 0.2.0 26.00 OK
r-release-macos-x86_64 0.2.0 35.00 OK
r-release-windows-x86_64 0.2.0 5.00 65.00 70.00 OK
r-oldrel-macos-arm64 0.2.0 24.00 NOTE
r-oldrel-macos-x86_64 0.2.0 40.00 NOTE
r-oldrel-windows-x86_64 0.2.0 6.00 66.00 72.00 OK

Check Details

Version: 0.2.0
Check: dependencies in R code
Result: NOTE
    Namespaces in Imports field not imported from:
     ‘caret’ ‘randomForest’
     All declared Imports should be used.
Flavors: r-devel-linux-x86_64-fedora-clang, r-devel-linux-x86_64-fedora-gcc, r-oldrel-macos-arm64, r-oldrel-macos-x86_64