Last updated on 2023-06-05 16:55:00 CEST.
Flavor | Version | Tinstall | Tcheck | Ttotal | Status | Flags |
---|---|---|---|---|---|---|
r-devel-linux-x86_64-debian-clang | 1.1-6 | 12.02 | 303.44 | 315.46 | OK | |
r-devel-linux-x86_64-debian-gcc | 1.1-6 | 10.94 | 247.92 | 258.86 | OK | |
r-devel-linux-x86_64-fedora-clang | 1.1-6 | 397.00 | OK | |||
r-devel-linux-x86_64-fedora-gcc | 1.1-6 | 407.97 | OK | |||
r-devel-windows-x86_64 | 1.1-6 | 12.00 | 282.00 | 294.00 | OK | |
r-patched-linux-x86_64 | 1.1-6 | 11.08 | 296.25 | 307.33 | OK | |
r-release-linux-x86_64 | 1.1-6 | 8.10 | 296.58 | 304.68 | OK | |
r-release-macos-arm64 | 1.1-6 | 156.00 | OK | |||
r-release-macos-x86_64 | 1.1-6 | 110.00 | NOTE | |||
r-release-windows-x86_64 | 1.1-6 | 16.00 | 333.00 | 349.00 | OK | |
r-oldrel-macos-arm64 | 1.1-6 | 129.00 | OK | |||
r-oldrel-macos-x86_64 | 1.1-6 | 194.00 | OK | |||
r-oldrel-windows-x86_64 | 1.1-6 | 16.00 | 336.00 | 352.00 | OK |
Version: 1.1-6
Check: package dependencies
Result: NOTE
Packages suggested but not available for checking:
'bshazard', 'ordinal', 'AER', 'coin', 'tram', 'rms'
Flavor: r-release-macos-x86_64
Version: 1.1-6
Check: re-building of vignette outputs
Result: NOTE
Note: skipping ‘mlt.Rnw’ due to unavailable dependencies:
'bshazard', 'ordinal', 'AER', 'coin'
Flavor: r-release-macos-x86_64