Last updated on 2024-04-18 01:03:02 CEST.
Flavor | Version | Tinstall | Tcheck | Ttotal | Status | Flags |
---|---|---|---|---|---|---|
r-devel-linux-x86_64-debian-clang | 0.3.0 | 41.70 | 31.11 | 72.81 | NOTE | |
r-devel-linux-x86_64-debian-gcc | 0.3.0 | 30.09 | 24.37 | 54.46 | NOTE | |
r-devel-linux-x86_64-fedora-clang | 0.3.0 | 103.79 | NOTE | |||
r-devel-linux-x86_64-fedora-gcc | 0.3.0 | 97.60 | NOTE | |||
r-prerel-macos-arm64 | 0.3.0 | 26.00 | NOTE | |||
r-prerel-windows-x86_64 | 0.3.0 | 39.00 | 61.00 | 100.00 | NOTE | |
r-patched-linux-x86_64 | 0.3.0 | 35.80 | 30.62 | 66.42 | NOTE | |
r-release-linux-x86_64 | 0.3.0 | 34.03 | 30.73 | 64.76 | NOTE | |
r-release-macos-arm64 | 0.3.0 | 29.00 | NOTE | |||
r-release-macos-x86_64 | 0.3.0 | 45.00 | NOTE | |||
r-release-windows-x86_64 | 0.3.0 | 49.00 | 72.00 | 121.00 | NOTE | |
r-oldrel-macos-arm64 | 0.3.0 | 28.00 | NOTE | |||
r-oldrel-windows-x86_64 | 0.3.0 | 48.00 | 77.00 | 125.00 | NOTE |
Version: 0.3.0
Check: C++ specification
Result: NOTE
Specified C++11: please drop specification unless essential
Flavors: r-devel-linux-x86_64-debian-clang, r-devel-linux-x86_64-debian-gcc, r-devel-linux-x86_64-fedora-clang, r-devel-linux-x86_64-fedora-gcc, r-prerel-macos-arm64, r-prerel-windows-x86_64, r-patched-linux-x86_64, r-release-linux-x86_64, r-release-macos-arm64, r-release-macos-x86_64, r-release-windows-x86_64
Version: 0.3.0
Check: LazyData
Result: NOTE
'LazyData' is specified without a 'data' directory
Flavors: r-devel-linux-x86_64-debian-clang, r-devel-linux-x86_64-debian-gcc, r-devel-linux-x86_64-fedora-clang, r-devel-linux-x86_64-fedora-gcc, r-prerel-macos-arm64, r-prerel-windows-x86_64, r-patched-linux-x86_64, r-release-linux-x86_64, r-release-macos-arm64, r-release-macos-x86_64, r-release-windows-x86_64, r-oldrel-macos-arm64, r-oldrel-windows-x86_64