Last updated on 2024-04-18 08:54:37 CEST.
Flavor | Version | Tinstall | Tcheck | Ttotal | Status | Flags |
---|---|---|---|---|---|---|
r-devel-linux-x86_64-debian-clang | 0.13.3 | 3.70 | 132.21 | 135.91 | NOTE | |
r-devel-linux-x86_64-debian-gcc | 0.13.3 | 2.90 | 91.36 | 94.26 | NOTE | |
r-devel-linux-x86_64-fedora-clang | 0.13.3 | 163.02 | NOTE | |||
r-devel-linux-x86_64-fedora-gcc | 0.13.3 | 169.76 | NOTE | |||
r-prerel-macos-arm64 | 0.13.3 | 55.00 | NOTE | |||
r-prerel-windows-x86_64 | 0.13.3 | 5.00 | 109.00 | 114.00 | NOTE | |
r-patched-linux-x86_64 | 0.13.3 | 4.72 | 123.27 | 127.99 | NOTE | |
r-release-linux-x86_64 | 0.13.3 | 2.83 | 126.04 | 128.87 | NOTE | |
r-release-macos-arm64 | 0.13.3 | 48.00 | NOTE | |||
r-release-macos-x86_64 | 0.13.3 | 86.00 | NOTE | |||
r-release-windows-x86_64 | 0.13.3 | 6.00 | 137.00 | 143.00 | NOTE | |
r-oldrel-macos-arm64 | 0.13.3 | 44.00 | NOTE | |||
r-oldrel-windows-x86_64 | 0.13.3 | 5.00 | 145.00 | 150.00 | NOTE |
Version: 0.13.3
Check: LazyData
Result: NOTE
'LazyData' is specified without a 'data' directory
Flavors: r-devel-linux-x86_64-debian-clang, r-devel-linux-x86_64-debian-gcc, r-devel-linux-x86_64-fedora-clang, r-devel-linux-x86_64-fedora-gcc, r-prerel-macos-arm64, r-prerel-windows-x86_64, r-patched-linux-x86_64, r-release-linux-x86_64, r-release-macos-arm64, r-release-macos-x86_64, r-release-windows-x86_64, r-oldrel-macos-arm64, r-oldrel-windows-x86_64
Version: 0.13.3
Check: dependencies in R code
Result: NOTE
Namespaces in Imports field not imported from:
‘datasets’ ‘doParallel’ ‘parallel’
All declared Imports should be used.
Flavors: r-devel-linux-x86_64-fedora-clang, r-devel-linux-x86_64-fedora-gcc, r-oldrel-macos-arm64