CRAN Package Check Results for Package mmod

Last updated on 2021-10-22 00:50:32 CEST.

Flavor Version Tinstall Tcheck Ttotal Status Flags
r-devel-linux-x86_64-debian-clang 1.3.3 12.50 137.42 149.92 OK
r-devel-linux-x86_64-debian-gcc 1.3.3 10.54 101.54 112.08 OK
r-devel-linux-x86_64-fedora-clang 1.3.3 186.86 OK
r-devel-linux-x86_64-fedora-gcc 1.3.3 175.45 OK
r-devel-windows-x86_64 1.3.3 20.00 169.00 189.00 OK
r-devel-windows-x86_64-gcc10-UCRT 1.3.3 ERROR
r-patched-linux-x86_64 1.3.3 10.79 128.51 139.30 OK
r-patched-solaris-x86 1.3.3 262.70 OK
r-release-linux-x86_64 1.3.3 9.80 128.75 138.55 OK
r-release-macos-arm64 1.3.3 OK
r-release-macos-x86_64 1.3.3 OK
r-release-windows-ix86+x86_64 1.3.3 2.00 9.00 11.00 ERROR
r-oldrel-macos-x86_64 1.3.3 OK
r-oldrel-windows-ix86+x86_64 1.3.3 60.00 262.00 322.00 OK

Check Details

Version: 1.3.3
Check: package dependencies
Result: ERROR
    Packages required but not available: 'adegenet', 'pegas'
    
    See section 'The DESCRIPTION file' in the 'Writing R Extensions'
    manual.
Flavor: r-devel-windows-x86_64-gcc10-UCRT

Version: 1.3.3
Check: whether package can be installed
Result: ERROR
    Installation failed.
Flavor: r-release-windows-ix86+x86_64