CRAN Package Check Results for Package mmodely

Last updated on 2024-05-28 08:54:40 CEST.

Flavor Version Tinstall Tcheck Ttotal Status Flags
r-devel-linux-x86_64-debian-clang 0.2.5 4.99 114.98 119.97 NOTE
r-devel-linux-x86_64-debian-gcc 0.2.5 3.63 77.73 81.36 NOTE
r-devel-linux-x86_64-fedora-clang 0.2.5 142.01 NOTE
r-devel-linux-x86_64-fedora-gcc 0.2.5 147.35 NOTE
r-devel-windows-x86_64 0.2.5 6.00 124.00 130.00 NOTE
r-patched-linux-x86_64 0.2.5 6.01 104.24 110.25 NOTE
r-release-linux-x86_64 0.2.5 5.48 105.93 111.41 NOTE
r-release-macos-arm64 0.2.5 52.00 NOTE
r-release-windows-x86_64 0.2.5 5.00 122.00 127.00 NOTE
r-oldrel-macos-arm64 0.2.5 58.00 OK
r-oldrel-macos-x86_64 0.2.5 169.00 OK
r-oldrel-windows-x86_64 0.2.5 7.00 148.00 155.00 OK

Check Details

Version: 0.2.5
Check: Rd files
Result: NOTE checkRd: (-1) average.fit.models.Rd:6: Lost braces; missing escapes or markup? 6 | These function takes the output of pgls.iter and uses its list of objects { model fits, optimzations (e.g.AICc)} and performs a weighted average on the ctoefficients estimated in the former by weighting by the latter. The parameters can also optionally be converted to binary by specifying "binary=FALSE" or just running the alias wraper function for assessing evidence of variable importance (Burnham & Anderson 2000). | ^ Flavors: r-devel-linux-x86_64-debian-clang, r-devel-linux-x86_64-debian-gcc, r-devel-linux-x86_64-fedora-clang, r-devel-linux-x86_64-fedora-gcc, r-devel-windows-x86_64, r-patched-linux-x86_64, r-release-linux-x86_64, r-release-macos-arm64, r-release-windows-x86_64