CRAN Package Check Results for Package mmpf

Last updated on 2024-03-02 16:54:50 CET.

Flavor Version Tinstall Tcheck Ttotal Status Flags
r-devel-linux-x86_64-debian-clang 0.0.5 2.20 39.81 42.01 NOTE
r-devel-linux-x86_64-debian-gcc 0.0.5 1.85 30.19 32.04 NOTE
r-devel-linux-x86_64-fedora-clang 0.0.5 53.24 NOTE
r-devel-linux-x86_64-fedora-gcc 0.0.5 63.18 NOTE
r-devel-windows-x86_64 0.0.5 4.00 52.00 56.00 NOTE
r-patched-linux-x86_64 0.0.5 2.44 38.53 40.97 NOTE
r-release-linux-x86_64 0.0.5 2.45 39.10 41.55 NOTE
r-release-macos-arm64 0.0.5 26.00 NOTE
r-release-macos-x86_64 0.0.5 38.00 NOTE
r-release-windows-x86_64 0.0.5 3.00 58.00 61.00 NOTE
r-oldrel-macos-arm64 0.0.5 24.00 NOTE
r-oldrel-windows-x86_64 0.0.5 4.00 62.00 66.00 NOTE

Check Details

Version: 0.0.5
Check: package subdirectories
Result: NOTE Problems with news in ‘NEWS.md’: No news entries found. Flavors: r-devel-linux-x86_64-debian-clang, r-devel-linux-x86_64-debian-gcc, r-devel-linux-x86_64-fedora-clang, r-devel-linux-x86_64-fedora-gcc, r-devel-windows-x86_64, r-patched-linux-x86_64, r-release-linux-x86_64, r-release-macos-arm64, r-release-macos-x86_64, r-release-windows-x86_64

Version: 0.0.5
Check: LazyData
Result: NOTE 'LazyData' is specified without a 'data' directory Flavors: r-devel-linux-x86_64-debian-clang, r-devel-linux-x86_64-debian-gcc, r-devel-linux-x86_64-fedora-clang, r-devel-linux-x86_64-fedora-gcc, r-devel-windows-x86_64, r-patched-linux-x86_64, r-release-linux-x86_64, r-release-macos-arm64, r-release-macos-x86_64, r-release-windows-x86_64, r-oldrel-macos-arm64, r-oldrel-windows-x86_64