Last updated on 2024-04-20 00:56:15 CEST.
Flavor | Version | Tinstall | Tcheck | Ttotal | Status | Flags |
---|---|---|---|---|---|---|
r-devel-linux-x86_64-debian-clang | 1.0.1 | 188.05 | 105.02 | 293.07 | OK | |
r-devel-linux-x86_64-debian-gcc | 1.0.1 | OK | ||||
r-devel-linux-x86_64-fedora-clang | 1.0.1 | 391.45 | OK | |||
r-devel-linux-x86_64-fedora-gcc | 1.0.1 | 447.41 | OK | |||
r-prerel-macos-arm64 | 1.0.1 | 84.00 | NOTE | |||
r-prerel-windows-x86_64 | 1.0.1 | 147.00 | 113.00 | 260.00 | OK | |
r-patched-linux-x86_64 | 1.0.1 | 201.74 | 111.28 | 313.02 | OK | |
r-release-linux-x86_64 | 1.0.1 | 194.87 | 108.75 | 303.62 | OK | |
r-release-macos-arm64 | 1.0.1 | 101.00 | NOTE | |||
r-release-macos-x86_64 | 1.0.1 | 161.00 | NOTE | |||
r-release-windows-x86_64 | 1.0.1 | 169.00 | 159.00 | 328.00 | OK | |
r-oldrel-macos-arm64 | 1.0.1 | 91.00 | NOTE | |||
r-oldrel-windows-x86_64 | 1.0.1 | 155.00 | 153.00 | 308.00 | OK |
Version: 1.0.1
Check: installed package size
Result: NOTE
installed size is 19.6Mb
sub-directories of 1Mb or more:
libs 19.3Mb
Flavors: r-prerel-macos-arm64, r-release-macos-arm64, r-release-macos-x86_64, r-oldrel-macos-arm64