CRAN Package Check Results for Package mnt

Last updated on 2023-06-04 00:54:36 CEST.

Flavor Version Tinstall Tcheck Ttotal Status Flags
r-devel-linux-x86_64-debian-clang 1.3 4.76 63.03 67.79 OK
r-devel-linux-x86_64-debian-gcc 1.3 4.04 45.77 49.81 OK
r-devel-linux-x86_64-fedora-clang 1.3 83.32 NOTE
r-devel-linux-x86_64-fedora-gcc 1.3 79.60 OK
r-devel-windows-x86_64 1.3 5.00 71.00 76.00 OK
r-patched-linux-x86_64 1.3 OK
r-release-linux-x86_64 1.3 3.83 59.85 63.68 OK
r-release-macos-arm64 1.3 26.00 OK
r-release-macos-x86_64 1.3 40.00 OK
r-release-windows-x86_64 1.3 6.00 81.00 87.00 OK
r-oldrel-macos-arm64 1.3 24.00 OK
r-oldrel-macos-x86_64 1.3 33.00 OK
r-oldrel-windows-x86_64 1.3 7.00 74.00 81.00 OK

Check Details

Version: 1.3
Check: Rd cross-references
Result: NOTE
    Undeclared package ‘energy’ in Rd xrefs
Flavor: r-devel-linux-x86_64-fedora-clang