Last updated on 2024-04-19 16:58:48 CEST.
Flavor | Version | Tinstall | Tcheck | Ttotal | Status | Flags |
---|---|---|---|---|---|---|
r-devel-linux-x86_64-debian-clang | 0.2.1 | 2.49 | 45.81 | 48.30 | NOTE | |
r-devel-linux-x86_64-debian-gcc | 0.2.1 | NOTE | ||||
r-devel-linux-x86_64-fedora-clang | 0.2.1 | 59.83 | NOTE | |||
r-devel-linux-x86_64-fedora-gcc | 0.2.1 | 69.97 | NOTE | |||
r-prerel-macos-arm64 | 0.2.1 | 26.00 | NOTE | |||
r-prerel-windows-x86_64 | 0.2.1 | 3.00 | 54.00 | 57.00 | NOTE | |
r-patched-linux-x86_64 | 0.2.1 | 2.83 | 43.06 | 45.89 | NOTE | |
r-release-linux-x86_64 | 0.2.1 | 2.38 | 41.09 | 43.47 | NOTE | |
r-release-macos-arm64 | 0.2.1 | 27.00 | NOTE | |||
r-release-macos-x86_64 | 0.2.1 | 42.00 | NOTE | |||
r-release-windows-x86_64 | 0.2.1 | 4.00 | 62.00 | 66.00 | NOTE | |
r-oldrel-macos-arm64 | 0.2.1 | 24.00 | OK | |||
r-oldrel-windows-x86_64 | 0.2.1 | 4.00 | 64.00 | 68.00 | OK |
Version: 0.2.1
Check: package subdirectories
Result: NOTE
Problems with news in ‘NEWS.md’:
No news entries found.
Flavors: r-devel-linux-x86_64-debian-clang, r-devel-linux-x86_64-debian-gcc, r-devel-linux-x86_64-fedora-clang, r-devel-linux-x86_64-fedora-gcc, r-prerel-macos-arm64, r-prerel-windows-x86_64, r-patched-linux-x86_64, r-release-linux-x86_64, r-release-macos-arm64, r-release-macos-x86_64, r-release-windows-x86_64