Last updated on 2023-09-25 09:04:53 CEST.
Flavor | Version | Tinstall | Tcheck | Ttotal | Status | Flags |
---|---|---|---|---|---|---|
r-devel-linux-x86_64-debian-clang | 0.2.3 | 12.01 | 195.21 | 207.22 | OK | |
r-devel-linux-x86_64-debian-gcc | 0.2.3 | 9.49 | 141.11 | 150.60 | OK | |
r-devel-linux-x86_64-fedora-clang | 0.2.3 | 252.24 | NOTE | |||
r-devel-linux-x86_64-fedora-gcc | 0.2.3 | 259.19 | OK | |||
r-devel-windows-x86_64 | 0.2.3 | 11.00 | 160.00 | 171.00 | OK | |
r-patched-linux-x86_64 | 0.2.3 | 7.77 | 183.99 | 191.76 | OK | |
r-release-linux-x86_64 | 0.2.3 | 8.52 | 184.21 | 192.73 | OK | |
r-release-macos-arm64 | 0.2.3 | 88.00 | OK | |||
r-release-macos-x86_64 | 0.2.3 | 134.00 | OK | |||
r-release-windows-x86_64 | 0.2.3 | 17.00 | 205.00 | 222.00 | OK | |
r-oldrel-macos-arm64 | 0.2.3 | 68.00 | OK | |||
r-oldrel-macos-x86_64 | 0.2.3 | 146.00 | OK | |||
r-oldrel-windows-x86_64 | 0.2.3 | 17.00 | 198.00 | 215.00 | OK |
Version: 0.2.3
Check: Rd cross-references
Result: NOTE
Undeclared package ‘geomorph’ in Rd xrefs
Flavor: r-devel-linux-x86_64-fedora-clang