CRAN Package Check Results for Package mod

Last updated on 2024-06-18 08:55:30 CEST.

Flavor Version Tinstall Tcheck Ttotal Status Flags
r-devel-linux-x86_64-debian-clang 0.1.3 2.22 25.73 27.95 NOTE
r-devel-linux-x86_64-debian-gcc 0.1.3 1.92 19.96 21.88 NOTE
r-devel-linux-x86_64-fedora-clang 0.1.3 35.36 NOTE
r-devel-linux-x86_64-fedora-gcc 0.1.3 33.55 NOTE
r-devel-windows-x86_64 0.1.3 4.00 44.00 48.00 NOTE
r-patched-linux-x86_64 0.1.3 2.39 24.88 27.27 NOTE
r-release-linux-x86_64 0.1.3 2.30 24.79 27.09 NOTE
r-release-macos-arm64 0.1.3 15.00 NOTE
r-release-macos-x86_64 0.1.3 37.00 NOTE
r-release-windows-x86_64 0.1.3 4.00 44.00 48.00 NOTE
r-oldrel-macos-arm64 0.1.3 18.00 NOTE
r-oldrel-macos-x86_64 0.1.3 22.00 NOTE
r-oldrel-windows-x86_64 0.1.3 3.00 48.00 51.00 NOTE

Check Details

Version: 0.1.3
Check: LazyData
Result: NOTE 'LazyData' is specified without a 'data' directory Flavors: r-devel-linux-x86_64-debian-clang, r-devel-linux-x86_64-debian-gcc, r-devel-linux-x86_64-fedora-clang, r-devel-linux-x86_64-fedora-gcc, r-devel-windows-x86_64, r-patched-linux-x86_64, r-release-linux-x86_64, r-release-macos-arm64, r-release-macos-x86_64, r-release-windows-x86_64, r-oldrel-macos-arm64, r-oldrel-macos-x86_64, r-oldrel-windows-x86_64