CRAN Package Check Results for Package modACDC

Last updated on 2024-06-20 08:54:52 CEST.

Flavor Version Tinstall Tcheck Ttotal Status Flags
r-devel-linux-x86_64-debian-clang 2.0.1 8.31 68.91 77.22 OK
r-devel-linux-x86_64-debian-gcc 2.0.1 5.57 50.85 56.42 OK
r-devel-linux-x86_64-fedora-clang 2.0.1 95.58 NOTE
r-devel-linux-x86_64-fedora-gcc 2.0.1 88.75 NOTE
r-devel-windows-x86_64 2.0.1 8.00 70.00 78.00 OK
r-patched-linux-x86_64 2.0.1 4.58 64.40 68.98 OK
r-release-linux-x86_64 2.0.1 4.79 66.24 71.03 OK
r-release-macos-arm64 2.0.1 34.00 OK
r-release-macos-x86_64 2.0.1 44.00 OK
r-release-windows-x86_64 2.0.1 9.00 74.00 83.00 OK
r-oldrel-macos-arm64 2.0.1 40.00 OK
r-oldrel-macos-x86_64 2.0.1 69.00 OK
r-oldrel-windows-x86_64 2.0.1 10.00 91.00 101.00 OK

Check Details

Version: 2.0.1
Check: dependencies in R code
Result: NOTE Namespace in Imports field not imported from: ‘tibble’ All declared Imports should be used. Flavors: r-devel-linux-x86_64-fedora-clang, r-devel-linux-x86_64-fedora-gcc