CRAN Package Check Results for Package modelgrid

Last updated on 2021-10-25 04:54:16 CEST.

Flavor Version Tinstall Tcheck Ttotal Status Flags
r-devel-linux-x86_64-debian-clang 1.1.1.0 13.16 186.13 199.29 NOTE
r-devel-linux-x86_64-debian-gcc 1.1.1.0 10.60 142.75 153.35 NOTE
r-devel-linux-x86_64-fedora-clang 1.1.1.0 247.53 NOTE
r-devel-linux-x86_64-fedora-gcc 1.1.1.0 231.81 NOTE
r-devel-windows-x86_64 1.1.1.0 20.00 221.00 241.00 NOTE
r-devel-windows-x86_64-gcc10-UCRT 1.1.1.0 NOTE
r-patched-linux-x86_64 1.1.1.0 18.37 176.68 195.05 NOTE
r-patched-solaris-x86 1.1.1.0 248.70 NOTE
r-release-linux-x86_64 1.1.1.0 11.89 178.12 190.01 NOTE
r-release-macos-arm64 1.1.1.0 NOTE
r-release-macos-x86_64 1.1.1.0 NOTE
r-release-windows-ix86+x86_64 1.1.1.0 22.00 223.00 245.00 NOTE
r-oldrel-macos-x86_64 1.1.1.0 NOTE
r-oldrel-windows-ix86+x86_64 1.1.1.0 35.00 244.00 279.00 OK

Check Details

Version: 1.1.1.0
Check: LazyData
Result: NOTE
     'LazyData' is specified without a 'data' directory
Flavors: r-devel-linux-x86_64-debian-clang, r-devel-linux-x86_64-debian-gcc, r-devel-linux-x86_64-fedora-clang, r-devel-linux-x86_64-fedora-gcc, r-devel-windows-x86_64, r-devel-windows-x86_64-gcc10-UCRT, r-patched-linux-x86_64, r-patched-solaris-x86, r-release-linux-x86_64, r-release-macos-arm64, r-release-macos-x86_64, r-release-windows-ix86+x86_64

Version: 1.1.1.0
Check: dependencies in R code
Result: NOTE
    Namespaces in Imports field not imported from:
     ‘ggplot2’ ‘lattice’
     All declared Imports should be used.
Flavors: r-devel-linux-x86_64-fedora-clang, r-devel-linux-x86_64-fedora-gcc, r-devel-windows-x86_64-gcc10-UCRT, r-patched-solaris-x86, r-release-macos-arm64, r-release-macos-x86_64, r-oldrel-macos-x86_64