Last updated on 2023-06-05 16:55:00 CEST.
Flavor | Version | Tinstall | Tcheck | Ttotal | Status | Flags |
---|---|---|---|---|---|---|
r-devel-linux-x86_64-debian-clang | 0.5.5 | 10.79 | 112.60 | 123.39 | OK | |
r-devel-linux-x86_64-debian-gcc | 0.5.5 | 8.49 | 87.25 | 95.74 | OK | |
r-devel-linux-x86_64-fedora-clang | 0.5.5 | 154.04 | NOTE | |||
r-devel-linux-x86_64-fedora-gcc | 0.5.5 | 166.49 | NOTE | |||
r-devel-windows-x86_64 | 0.5.5 | 12.00 | 110.00 | 122.00 | OK | |
r-patched-linux-x86_64 | 0.5.5 | 10.03 | 106.14 | 116.17 | OK | |
r-release-linux-x86_64 | 0.5.5 | 6.99 | 108.50 | 115.49 | OK | |
r-release-macos-arm64 | 0.5.5 | 58.00 | OK | |||
r-release-macos-x86_64 | 0.5.5 | 96.00 | OK | |||
r-release-windows-x86_64 | 0.5.5 | 14.00 | 131.00 | 145.00 | OK | |
r-oldrel-macos-arm64 | 0.5.5 | 45.00 | NOTE | |||
r-oldrel-macos-x86_64 | 0.5.5 | 65.00 | NOTE | |||
r-oldrel-windows-x86_64 | 0.5.5 | 15.00 | 137.00 | 152.00 | OK |
Version: 0.5.5
Check: data for non-ASCII characters
Result: NOTE
Note: found 5238 marked UTF-8 strings
Flavors: r-devel-linux-x86_64-fedora-clang, r-devel-linux-x86_64-fedora-gcc, r-oldrel-macos-arm64, r-oldrel-macos-x86_64