Last updated on 2024-04-18 08:54:37 CEST.
Flavor | Version | Tinstall | Tcheck | Ttotal | Status | Flags |
---|---|---|---|---|---|---|
r-devel-linux-x86_64-debian-clang | 0.2.2 | 5.12 | 39.57 | 44.69 | OK | |
r-devel-linux-x86_64-debian-gcc | 0.2.2 | 4.71 | 30.50 | 35.21 | OK | |
r-devel-linux-x86_64-fedora-clang | 0.2.2 | 54.35 | NOTE | |||
r-devel-linux-x86_64-fedora-gcc | 0.2.2 | 51.94 | OK | |||
r-prerel-macos-arm64 | 0.2.2 | 20.00 | NOTE | |||
r-prerel-windows-x86_64 | 0.2.2 | 8.00 | 50.00 | 58.00 | NOTE | |
r-patched-linux-x86_64 | 0.2.2 | 4.11 | 38.10 | 42.21 | OK | |
r-release-linux-x86_64 | 0.2.2 | 5.16 | 37.77 | 42.93 | OK | |
r-release-macos-arm64 | 0.2.2 | 25.00 | NOTE | |||
r-release-macos-x86_64 | 0.2.2 | 29.00 | NOTE | |||
r-release-windows-x86_64 | 0.2.2 | 10.00 | 55.00 | 65.00 | NOTE | |
r-oldrel-macos-arm64 | 0.2.2 | 22.00 | NOTE | |||
r-oldrel-windows-x86_64 | 0.2.2 | 9.00 | 64.00 | 73.00 | NOTE |
Version: 0.2.2
Check: installed package size
Result: NOTE
installed size is 14.9Mb
sub-directories of 1Mb or more:
htmlwidgets 14.7Mb
Flavors: r-devel-linux-x86_64-fedora-clang, r-prerel-macos-arm64, r-prerel-windows-x86_64, r-release-macos-arm64, r-release-macos-x86_64, r-release-windows-x86_64, r-oldrel-macos-arm64, r-oldrel-windows-x86_64