CRAN Package Check Results for Package mongopipe

Last updated on 2021-10-27 16:49:11 CEST.

Flavor Version Tinstall Tcheck Ttotal Status Flags
r-devel-linux-x86_64-debian-clang 0.1.1 2.02 24.71 26.73 NOTE
r-devel-linux-x86_64-debian-gcc 0.1.1 1.66 20.03 21.69 NOTE
r-devel-linux-x86_64-fedora-clang 0.1.1 44.12 NOTE
r-devel-linux-x86_64-fedora-gcc 0.1.1 32.60 NOTE
r-devel-windows-x86_64 0.1.1 4.00 43.00 47.00 NOTE
r-devel-windows-x86_64-gcc10-UCRT 0.1.1 NOTE
r-patched-linux-x86_64 0.1.1 2.15 24.20 26.35 NOTE
r-patched-solaris-x86 0.1.1 54.70 NOTE
r-release-linux-x86_64 0.1.1 1.62 24.30 25.92 NOTE
r-release-macos-arm64 0.1.1 NOTE
r-release-macos-x86_64 0.1.1 NOTE
r-release-windows-ix86+x86_64 0.1.1 4.00 47.00 51.00 NOTE
r-oldrel-macos-x86_64 0.1.1 OK
r-oldrel-windows-ix86+x86_64 0.1.1 6.00 45.00 51.00 OK

Check Details

Version: 0.1.1
Check: LazyData
Result: NOTE
     'LazyData' is specified without a 'data' directory
Flavors: r-devel-linux-x86_64-debian-clang, r-devel-linux-x86_64-debian-gcc, r-devel-linux-x86_64-fedora-clang, r-devel-linux-x86_64-fedora-gcc, r-devel-windows-x86_64, r-devel-windows-x86_64-gcc10-UCRT, r-patched-linux-x86_64, r-patched-solaris-x86, r-release-linux-x86_64, r-release-macos-arm64, r-release-macos-x86_64, r-release-windows-ix86+x86_64