Last updated on 2024-07-18 00:54:59 CEST.
Flavor | Version | Tinstall | Tcheck | Ttotal | Status | Flags |
---|---|---|---|---|---|---|
r-devel-linux-x86_64-debian-clang | 0.4 | 14.57 | 252.25 | 266.82 | OK | |
r-devel-linux-x86_64-debian-gcc | 0.4 | 11.98 | 191.92 | 203.90 | OK | |
r-devel-linux-x86_64-fedora-clang | 0.4 | 339.22 | OK | |||
r-devel-linux-x86_64-fedora-gcc | 0.4 | 334.22 | OK | |||
r-devel-windows-x86_64 | 0.4 | 14.00 | 206.00 | 220.00 | NOTE | |
r-patched-linux-x86_64 | 0.4 | 15.55 | 246.71 | 262.26 | OK | |
r-release-linux-x86_64 | 0.4 | 9.89 | 247.40 | 257.29 | OK | |
r-release-macos-arm64 | 0.4 | 116.00 | OK | |||
r-release-macos-x86_64 | 0.4 | 158.00 | OK | |||
r-release-windows-x86_64 | 0.4 | 14.00 | 209.00 | 223.00 | OK | |
r-oldrel-macos-arm64 | 0.4 | 118.00 | OK | |||
r-oldrel-macos-x86_64 | 0.4 | 451.00 | OK | |||
r-oldrel-windows-x86_64 | 0.4 | 18.00 | 257.00 | 275.00 | OK |
Version: 0.4
Check: Rd cross-references
Result: NOTE
Found the following Rd file(s) with Rd \link{} targets missing package
anchors:
GetAleData.Rd: cforest, foreach, FeatureEffect, iml
GetInteractionStrength.Rd: cforest, vip
GetPartialData.Rd: cforest, partial, foreach, pdp
fastcforest.Rd: ForestControl-class, cforest_control, ptrafo,
cforest, RandomForest-class
fastvarImp.Rd: varImp, cforest
ggVarImp.Rd: varImp, varImpAUC
Please provide package anchors for all Rd \link{} targets not in the
package itself and the base packages.
Flavor: r-devel-windows-x86_64