CRAN Package Check Results for Package mosaic

Last updated on 2021-10-21 04:58:37 CEST.

Flavor Version Tinstall Tcheck Ttotal Status Flags
r-devel-linux-x86_64-debian-clang 1.8.3 28.03 447.52 475.55 OK
r-devel-linux-x86_64-debian-gcc 1.8.3 24.49 318.59 343.08 OK
r-devel-linux-x86_64-fedora-clang 1.8.3 574.21 NOTE
r-devel-linux-x86_64-fedora-gcc 1.8.3 583.36 NOTE
r-devel-windows-x86_64 1.8.3 42.00 513.00 555.00 OK
r-devel-windows-x86_64-gcc10-UCRT 1.8.3 NOTE
r-patched-linux-x86_64 1.8.3 32.48 418.60 451.08 OK
r-patched-solaris-x86 1.8.3 680.80 NOTE
r-release-linux-x86_64 1.8.3 30.62 417.84 448.46 OK
r-release-macos-arm64 1.8.3 NOTE
r-release-macos-x86_64 1.8.3 NOTE
r-release-windows-ix86+x86_64 1.8.3 56.00 522.00 578.00 OK
r-oldrel-macos-x86_64 1.8.3 NOTE
r-oldrel-windows-ix86+x86_64 1.8.3 55.00 566.00 621.00 OK

Check Details

Version: 1.8.3
Check: dependencies in R code
Result: NOTE
    Namespaces in Imports field not imported from:
     ‘ggridges’ ‘ggstance’
     All declared Imports should be used.
Flavors: r-devel-linux-x86_64-fedora-clang, r-devel-linux-x86_64-fedora-gcc, r-devel-windows-x86_64-gcc10-UCRT, r-patched-solaris-x86, r-release-macos-arm64, r-release-macos-x86_64, r-oldrel-macos-x86_64

Version: 1.8.3
Check: Rd cross-references
Result: NOTE
    Undeclared package ‘cubature’ in Rd xrefs
Flavor: r-devel-linux-x86_64-fedora-clang