Last updated on 2023-09-23 00:53:58 CEST.
Flavor | Version | Tinstall | Tcheck | Ttotal | Status | Flags |
---|---|---|---|---|---|---|
r-devel-linux-x86_64-debian-clang | 0.6.0 | 19.50 | 223.96 | 243.46 | OK | |
r-devel-linux-x86_64-debian-gcc | 0.6.0 | 16.25 | 165.08 | 181.33 | OK | |
r-devel-linux-x86_64-fedora-clang | 0.6.0 | 310.18 | NOTE | |||
r-devel-linux-x86_64-fedora-gcc | 0.6.0 | 298.68 | NOTE | |||
r-devel-windows-x86_64 | 0.6.0 | 21.00 | 177.00 | 198.00 | OK | |
r-patched-linux-x86_64 | 0.6.0 | 28.21 | 216.91 | 245.12 | OK | |
r-release-linux-x86_64 | 0.6.0 | 15.57 | 218.84 | 234.41 | OK | |
r-release-macos-arm64 | 0.6.0 | 96.00 | OK | |||
r-release-macos-x86_64 | 0.6.0 | 138.00 | OK | |||
r-release-windows-x86_64 | 0.6.0 | 25.00 | 231.00 | 256.00 | OK | |
r-oldrel-macos-arm64 | 0.6.0 | 63.00 | NOTE | |||
r-oldrel-macos-x86_64 | 0.6.0 | 114.00 | NOTE | |||
r-oldrel-windows-x86_64 | 0.6.0 | 26.00 | 220.00 | 246.00 | OK |
Version: 0.6.0
Check: data for non-ASCII characters
Result: NOTE
Note: found 56 marked UTF-8 strings
Flavors: r-devel-linux-x86_64-fedora-clang, r-devel-linux-x86_64-fedora-gcc, r-oldrel-macos-arm64, r-oldrel-macos-x86_64