Last updated on 2023-06-09 16:57:00 CEST.
Flavor | Version | Tinstall | Tcheck | Ttotal | Status | Flags |
---|---|---|---|---|---|---|
r-devel-linux-x86_64-debian-clang | 0.20.3 | 4.22 | 45.97 | 50.19 | OK | |
r-devel-linux-x86_64-debian-gcc | 0.20.3 | 2.79 | 35.85 | 38.64 | OK | |
r-devel-linux-x86_64-fedora-clang | 0.20.3 | 62.29 | NOTE | |||
r-devel-linux-x86_64-fedora-gcc | 0.20.3 | 63.21 | NOTE | |||
r-devel-windows-x86_64 | 0.20.3 | 10.00 | 71.00 | 81.00 | OK | |
r-patched-linux-x86_64 | 0.20.3 | 5.17 | 45.11 | 50.28 | OK | |
r-release-linux-x86_64 | 0.20.3 | 4.10 | 45.19 | 49.29 | OK | |
r-release-macos-arm64 | 0.20.3 | 28.00 | OK | |||
r-release-macos-x86_64 | 0.20.3 | 35.00 | OK | |||
r-release-windows-x86_64 | 0.20.3 | 6.00 | 76.00 | 82.00 | OK | |
r-oldrel-macos-arm64 | 0.20.3 | 26.00 | OK | |||
r-oldrel-macos-x86_64 | 0.20.3 | 47.00 | NOTE | |||
r-oldrel-windows-x86_64 | 0.20.3 | 6.00 | 71.00 | 77.00 | OK |
Version: 0.20.3
Check: data for non-ASCII characters
Result: NOTE
Note: found 7 marked UTF-8 strings
Flavors: r-devel-linux-x86_64-fedora-clang, r-devel-linux-x86_64-fedora-gcc, r-oldrel-macos-x86_64