Last updated on 2024-04-20 00:56:15 CEST.
Flavor | Version | Tinstall | Tcheck | Ttotal | Status | Flags |
---|---|---|---|---|---|---|
r-devel-linux-x86_64-debian-clang | 0.20.4 | 3.82 | 43.69 | 47.51 | OK | |
r-devel-linux-x86_64-debian-gcc | 0.20.4 | OK | ||||
r-devel-linux-x86_64-fedora-clang | 0.20.4 | 60.34 | NOTE | |||
r-devel-linux-x86_64-fedora-gcc | 0.20.4 | 55.81 | NOTE | |||
r-prerel-macos-arm64 | 0.20.4 | 19.00 | OK | |||
r-prerel-windows-x86_64 | 0.20.4 | 4.00 | 64.00 | 68.00 | OK | |
r-patched-linux-x86_64 | 0.20.4 | 4.40 | 41.82 | 46.22 | OK | |
r-release-linux-x86_64 | 0.20.4 | 3.71 | 42.42 | 46.13 | OK | |
r-release-macos-arm64 | 0.20.4 | 29.00 | OK | |||
r-release-macos-x86_64 | 0.20.4 | 70.00 | OK | |||
r-release-windows-x86_64 | 0.20.4 | 6.00 | 72.00 | 78.00 | OK | |
r-oldrel-macos-arm64 | 0.20.4 | 34.00 | OK | |||
r-oldrel-windows-x86_64 | 0.20.4 | 6.00 | 67.00 | 73.00 | OK |
Version: 0.20.4
Check: data for non-ASCII characters
Result: NOTE
Note: found 7 marked UTF-8 strings
Flavors: r-devel-linux-x86_64-fedora-clang, r-devel-linux-x86_64-fedora-gcc