Last updated on 2023-10-04 00:58:29 CEST.
Flavor | Version | Tinstall | Tcheck | Ttotal | Status | Flags |
---|---|---|---|---|---|---|
r-devel-linux-x86_64-debian-clang | 3.2.1 | 130.83 | 111.69 | 242.52 | OK | |
r-devel-linux-x86_64-debian-gcc | 3.2.1 | 86.52 | 82.93 | 169.45 | OK | |
r-devel-linux-x86_64-fedora-clang | 3.2.1 | 378.62 | OK | |||
r-devel-linux-x86_64-fedora-gcc | 3.2.1 | 327.31 | OK | |||
r-devel-windows-x86_64 | 3.2.1 | 94.00 | 141.00 | 235.00 | OK | |
r-patched-linux-x86_64 | 3.2.1 | 85.66 | 109.64 | 195.30 | OK | |
r-release-linux-x86_64 | 3.2.1 | 95.04 | 110.78 | 205.82 | OK | |
r-release-macos-arm64 | 3.2.1 | 83.00 | NOTE | |||
r-release-macos-x86_64 | 3.2.1 | 137.00 | NOTE | |||
r-release-windows-x86_64 | 3.2.1 | 124.00 | 163.00 | 287.00 | OK | |
r-oldrel-macos-arm64 | 3.2.1 | 79.00 | NOTE | |||
r-oldrel-macos-x86_64 | 3.2.1 | 134.00 | NOTE | |||
r-oldrel-windows-x86_64 | 3.2.1 | 117.00 | 147.00 | 264.00 | OK |
Version: 3.2.1
Check: installed package size
Result: NOTE
installed size is 5.9Mb
sub-directories of 1Mb or more:
data 2.3Mb
libs 2.7Mb
Flavors: r-release-macos-arm64, r-release-macos-x86_64, r-oldrel-macos-arm64, r-oldrel-macos-x86_64
Version: 3.2.1
Check: package dependencies
Result: NOTE
Package suggested but not available for checking: ‘readbulk’
Flavor: r-oldrel-macos-x86_64
Version: 3.2.1
Check: Rd cross-references
Result: NOTE
Package unavailable to check Rd xrefs: ‘readbulk’
Flavor: r-oldrel-macos-x86_64