CRAN Package Check Results for Package movecost

Last updated on 2021-11-27 04:55:50 CET.

Flavor Version Tinstall Tcheck Ttotal Status Flags
r-devel-linux-x86_64-debian-clang 1.4 OK
r-devel-linux-x86_64-debian-gcc 1.4 28.08 218.65 246.73 OK
r-devel-linux-x86_64-fedora-clang 1.4 394.98 NOTE
r-devel-linux-x86_64-fedora-gcc 1.4 378.42 NOTE
r-devel-windows-x86_64-new-UL 1.4 54.00 369.00 423.00 OK
r-devel-windows-x86_64-new-TK 1.4 NOTE
r-devel-windows-x86_64-old 1.4 36.00 364.00 400.00 OK
r-patched-linux-x86_64 1.4 27.87 275.62 303.49 OK
r-patched-solaris-x86 1.4 498.50 NOTE
r-release-linux-x86_64 1.4 OK
r-release-macos-arm64 1.4 NOTE
r-release-macos-x86_64 1.4 NOTE
r-release-windows-ix86+x86_64 1.4 80.00 246.00 326.00 OK
r-oldrel-macos-x86_64 1.4 ERROR
r-oldrel-windows-ix86+x86_64 1.4 65.00 372.00 437.00 OK

Check Details

Version: 1.4
Check: data for non-ASCII characters
Result: NOTE
     Note: found 3 marked UTF-8 strings
Flavors: r-devel-linux-x86_64-fedora-clang, r-devel-linux-x86_64-fedora-gcc, r-devel-windows-x86_64-new-TK, r-patched-solaris-x86, r-release-macos-arm64, r-release-macos-x86_64

Version: 1.4
Check: package dependencies
Result: ERROR
    Package required and available but unsuitable version: ‘methods’
    
    See section ‘The DESCRIPTION file’ in the ‘Writing R Extensions’
    manual.
Flavor: r-oldrel-macos-x86_64