Last updated on 2023-12-02 16:49:20 CET.
Flavor | Version | Tinstall | Tcheck | Ttotal | Status | Flags |
---|---|---|---|---|---|---|
r-devel-linux-x86_64-debian-clang | 2.16.11 | 10.20 | 50.97 | 61.17 | NOTE | |
r-devel-linux-x86_64-debian-gcc | 2.16.11 | 5.73 | 39.16 | 44.89 | NOTE | |
r-devel-linux-x86_64-fedora-clang | 2.16.11 | 77.27 | NOTE | |||
r-devel-linux-x86_64-fedora-gcc | 2.16.11 | 90.26 | NOTE | |||
r-devel-windows-x86_64 | 2.16.11 | 9.00 | 70.00 | 79.00 | NOTE | |
r-patched-linux-x86_64 | 2.16.11 | 8.71 | 50.62 | 59.33 | NOTE | |
r-release-linux-x86_64 | 2.16.11 | 7.52 | 50.18 | 57.70 | NOTE | |
r-release-macos-arm64 | 2.16.11 | 36.00 | NOTE | |||
r-release-macos-x86_64 | 2.16.11 | 47.00 | NOTE | |||
r-release-windows-x86_64 | 2.16.11 | 9.00 | 88.00 | 97.00 | NOTE | |
r-oldrel-macos-arm64 | 2.16.11 | 39.00 | OK | |||
r-oldrel-macos-x86_64 | 2.16.11 | 42.00 | OK | |||
r-oldrel-windows-x86_64 | 2.16.11 | 12.00 | 79.00 | 91.00 | OK |
Version: 2.16.11
Check: Rd files
Result: NOTE
checkRd: (-1) F.huggins.estim.Rd:199: Escaped LaTeX specials: \$ \$
checkRd: (-1) F.huggins.estim.Rd:205: Escaped LaTeX specials: \$
checkRd: (-1) F.huggins.estim.Rd:206: Escaped LaTeX specials: \$
checkRd: (-1) F.huggins.estim.Rd:207: Escaped LaTeX specials: \$
checkRd: (-1) F.huggins.estim.Rd:208: Escaped LaTeX specials: \$
checkRd: (-1) F.huggins.estim.Rd:209: Escaped LaTeX specials: \$
checkRd: (-1) F.huggins.estim.Rd:210: Escaped LaTeX specials: \$
checkRd: (-1) F.huggins.estim.Rd:212: Escaped LaTeX specials: \$
checkRd: (-1) F.huggins.estim.Rd:213: Escaped LaTeX specials: \$
checkRd: (-1) F.huggins.estim.Rd:214: Escaped LaTeX specials: \$
checkRd: (-1) F.huggins.estim.Rd:215: Escaped LaTeX specials: \$
checkRd: (-1) lines.cjs.Rd:15: Escaped LaTeX specials: \$
Flavors: r-devel-linux-x86_64-debian-clang, r-devel-linux-x86_64-debian-gcc, r-devel-linux-x86_64-fedora-clang, r-devel-linux-x86_64-fedora-gcc, r-devel-windows-x86_64, r-patched-linux-x86_64, r-release-linux-x86_64, r-release-macos-arm64, r-release-macos-x86_64, r-release-windows-x86_64